{"id":6386,"date":"2023-11-22T20:30:53","date_gmt":"2023-11-22T18:30:53","guid":{"rendered":"https:\/\/www.cdlpv.org\/fitxes\/?page_id=6386"},"modified":"2023-11-22T11:08:34","modified_gmt":"2023-11-22T09:08:34","slug":"el-papu","status":"publish","type":"page","link":"https:\/\/www.cdlpv.org\/fitxes\/el-papu\/","title":{"rendered":"El papu"},"content":{"rendered":"<figure id=\"attachment_6370\" aria-describedby=\"caption-attachment-6370\" style=\"width: 178px\" class=\"wp-caption alignleft\"><a href=\"https:\/\/www.cdlpv.org\/fitxes\/wp-content\/uploads\/2023\/11\/punts-enquesta-scaled.jpg\"><img loading=\"lazy\" decoding=\"async\" class=\"wp-image-6370\" src=\"https:\/\/www.cdlpv.org\/fitxes\/wp-content\/uploads\/2023\/11\/punts-enquesta-204x300.jpg\" alt=\"Punts d'enquesta de l'Atles ling\u00fc\u00edstic del domini catal\u00e0\" width=\"178\" height=\"262\" srcset=\"https:\/\/www.cdlpv.org\/fitxes\/wp-content\/uploads\/2023\/11\/punts-enquesta-204x300.jpg 204w, https:\/\/www.cdlpv.org\/fitxes\/wp-content\/uploads\/2023\/11\/punts-enquesta-695x1024.jpg 695w, https:\/\/www.cdlpv.org\/fitxes\/wp-content\/uploads\/2023\/11\/punts-enquesta-768x1131.jpg 768w, https:\/\/www.cdlpv.org\/fitxes\/wp-content\/uploads\/2023\/11\/punts-enquesta-1043x1536.jpg 1043w, https:\/\/www.cdlpv.org\/fitxes\/wp-content\/uploads\/2023\/11\/punts-enquesta-1391x2048.jpg 1391w, https:\/\/www.cdlpv.org\/fitxes\/wp-content\/uploads\/2023\/11\/punts-enquesta-scaled.jpg 1739w\" sizes=\"auto, (max-width: 178px) 100vw, 178px\" \/><\/a><figcaption id=\"caption-attachment-6370\" class=\"wp-caption-text\"><span style=\"font-size: 10pt;\">Punts d&#8217;enquesta de l&#8217;<i>Atles ling\u00fc\u00edstic del domini catal\u00e0<\/i>.<\/span><\/figcaption><\/figure>\n<p>L&#8217;<em>Atles ling\u00fc\u00edstic del domini catal\u00e0<\/em> (veg. <a title=\"Mapa 581\" href=\"https:\/\/aldc.espais.iec.cat\/files\/2013\/06\/Mapa-581.pdf\" target=\"_blank\" rel=\"noopener\"><i class=\"fas fa-globe-europe\"><\/i><\/a>; <a title=\"Article sobre el papu\" href=\"http:\/\/aldc.espais.iec.cat\/files\/2013\/10\/382-1_El-papu-text.pdf\" target=\"_blank\" rel=\"noopener\"><i class=\"fas fa-file-pdf\"><\/i><\/a>) localitza un munt de versions de l&#8217;\u00e9sser imaginari <a href=\"https:\/\/www.cdlpv.org\/fitxes\/esser-imaginari\" target=\"_blank\" rel=\"noopener\"><i class=\"fas fa-link\"><\/i><\/a> amb qu\u00e8 s&#8217;atemorix els xiquets:<\/p>\n<blockquote>\n<h2 style=\"text-align: center;\">382<br \/>\nEl <em>papu<br \/>\n<\/em>(<span class=\"versaleta\"><em>aldc<\/em>, iii<\/span>, 581. <em>El papu<\/em>)<\/h2>\n<p>L\u2019\u2018\u00e9sser fant\u00e0stic per a fer por a les criatures\u2019 coneix una gran varietat de noms pel fet de formar part del m\u00f3n infantil. Nom\u00e9s hem cartografiat els mots que tenen un nombre important d\u2019ocurr\u00e8ncies; de tots ells oferim una classificaci\u00f3 motivacional relacionada amb:<\/p>\n<p>1) \u2018\u00e9sser fant\u00e0stic o considerat lleig, dolent\u2019: <em>bubota<\/em> 80 <em>(babota<\/em> 77, <em>mumerota<\/em> 185); <em>fantasma [f.]<\/em> 16, 22, 39, 48, 49, 86, 99, 159, 185, <em>[m.]<\/em> 34, 87, 164, sense g\u00e8nere 171, <em>enfantasma [f.]<\/em> 43, <em>fastasma [f.]<\/em> 172, <em>faltasma [f.]<\/em> 167, <em>fantarma<\/em> [<em>m.<\/em> i <em>f.<\/em>] 118; <em>bruixa<\/em> 1, 75, 82, 101, 151, 157, 160, 163, <em>bruixot<\/em> 96; <em>duendo<\/em> \u2018follet\u2019 142, 144, 184 (\u2190 cast.); <em>dimoni<\/em> (var. <em>dimoni forquilla<\/em> 12); <em>orco<\/em> 85 it. &lt; \u2018infern, dimoni\u2019); <em>iai<\/em> 83, 84 (var. <em>iai marrarvco<\/em> 84); <em>marfanta<\/em> 141 \u2018persona disfressada; dona dolenta\u2019; <em>pobre<\/em> 6; <em>barbut<\/em> 167, 183, <em>homede la barba<\/em> 56; <em>home de les fandilles<\/em> 31 (dissimilaci\u00f3 de <em>faldilles<\/em>); <em>home del greix<\/em> 90, <em>greixero<\/em> 163 (de <em>greix<\/em>); <em>sagineros<\/em> 141 (de <em>sag\u00ed<\/em>); <em>home<\/em> (o <em>tio<\/em>) <em>del sac,<\/em> on s\u2019hi emporta les criatures (<em>var. ficar al sac<\/em> 105); <em>home del sarr\u00f3<\/em> 119.<\/p>\n<p>2) \u2018animal, sovint agressiu\u2019, precedit de l\u2019article: <em>bou<\/em> 56, 83, <em>drac<\/em> 31, 64, <em>llop<\/em> 2, 3, 6, 7, 10, 13, 16, 25, 27, 52, 58, 119, 122, 151, 162 (o <em>lobo<\/em> 158 \u2190 cast.), <em>cabra montera<\/em> 176, <em>gat negre<\/em> 173, <em>gata maula<\/em> 173, <em>guilla<\/em> 8, 16, <em>rata<\/em> 38, 114, <em>lle\u00f3<\/em> 151, <em>gos<\/em> 147 (cf. <em>al.<\/em> Wauwau \u2018lladruc del gos\u2019 i \u2018papu\u2019, <em>canot<\/em> 74, <em>serp<\/em> 38, <em>serpota<\/em> 74, <em>guisarapa<\/em> 23 (\u2190 <em>gusarapa<\/em> \u2018animal\u00f3 bosquet\u00e0, fer\u00e9stec\u2019), <em>marraco<\/em> (var. <em>samarraco<\/em> 125, <em>marreco<\/em> 111) &lt; \u2018animal monstru\u00f3s de la process\u00f3 de Corpus de Lleida\u2019, <em>papu<\/em> (var. <em>papus [pl.]<\/em> 103, 104, amb <em>-u<\/em> fmal en parlars occidentals, <em>papot<\/em> 102, <em>papo<\/em> 100, 109, <em>papa<\/em> 12, 19, 27, 33, 92, 96, <em>papau<\/em> 43), der. del llat. <span class=\"versaleta\">pappare<\/span> \u2018menjar\u2019 encreuat amb un mot de creaci\u00f3 expressiva infantil (\u2018cuca\u2019, \u2018bestiola que fa mal\u2019); <em>probonaro<\/em> 85 \u2018licantrop\u2019.<\/p>\n<p>3) \u2018ofici poc considerat socialment o de car\u00e1cter repressiu\u2019: <em>drapaire<\/em> 62, <em>pellerotaire<\/em> 2 (\u2190 \u2018pellaire\u2019, <em>parracaire<\/em> 37, <em>ramaniot<\/em> 2 (\u2190 a partir del fr. <em>ramoneur<\/em> \u2018escura-xemeneies\u2019); <em>agutzil<\/em> 31, 177 (\u2190 \u00e1r.), <em>sereno<\/em> 69, 129, 145, 148, 150, 151, 152, 177, <em>gu\u00e0rdia civil<\/em> 16, 25, 54, 155, 165, <em>gu\u00e0rdies<\/em> 22, <em>civils<\/em> 19, 31, 53, 150, <em>gendarmes<\/em> 4, 10, 14, <em>municipal<\/em> 80, 81, 183, <em>de la poli<\/em> 52, <em>policero<\/em> 155.<\/p>\n<p>4) <em>\u2018\u00e8tnia\u2019: moro<\/em> (der. <em>moraco<\/em> 73, 78, 79, potser <em>morraco<\/em> 76, 77, 81, 82; perifr\u00e0stic <em>moro Mussa<\/em> 167, 178), <em>marroqu\u00ed<\/em> 148; <em>jueu<\/em> 90, 121, <em>judios<\/em> 155; <em>gitano<\/em> (var. <em>gitano en el sac<\/em> 66).<\/p>\n<p>5) \u2018personatge\u2019: <em>Jepo<\/em> 95, <em>Pere<\/em> (o <em>Toni<\/em> 159) <em>Botero<\/em> 48, 49, 60, 167, <em>en Patutes<\/em> 32, <em>Fidel<\/em> 64, <em>na Maria Enganxa<\/em> 75 (var. <em>na Maria Ganxo<\/em> 77), <em>Butoni<\/em> 125, 132, 160, 161, 163, 170 (&lt; <em>bu Toni<\/em>), <em>Meta<\/em> 103, <em>Malaventura<\/em> 150, 176, <em>la Mare Guilleuma<\/em> 55, <em>Pellarenques<\/em> 152.<\/p>\n<p>6) \u2018por\u2019: <em>(home de la<\/em>) <em>por<\/em> 18, 20, 22, 23, 26, 30, 31, 39, 42, 49, 86, 112, 120, 179; <em>pou<\/em> \u2018por\u2019 16 (\u2190 oc.) 138.<\/p>\n<p>7) \u2018onomatopeia\u2019: <em>babu<\/em> 70, <em>bubo<\/em> 126, 127, 186, 187 (var. <em>bobo<\/em> 167), <em>boboi<\/em> 85 sard); <em>boti<\/em> 135, 143, 145, 153 (var. <em>moti<\/em> 154), <em>boto<\/em> 129, <em>mamu<\/em> 181, <em>momo<\/em> 182 (var. <em>mumo<\/em> 190), <em>caco<\/em> 134, 139, <em>caconi<\/em> 137, 142, <em>coco<\/em> 127, 156, 188, <em>coconi<\/em> 130, 131, 136, 146.<\/p>\n<p>8) \u2018part del cos\u2019: <em>barbeta roja<\/em> 118, <em>m\u00e0 peluda<\/em> 78; <em>mostatxo<\/em> 162; <em>carassot<\/em> 110, de <em>carassa<\/em> m\u00e9s el suf. pejoratiu <em>-ot.<\/em><\/p>\n<p>Altres mots: <em>papa-rossolla<\/em> 180 (\u2190 cast. <em>paparrosolla,<\/em> der. de <em>papar<\/em> i <em>resollar<\/em> \u2018roncar, rugir\u2019); <em>babarroto<\/em> 85; <em>paterave<\/em> 85; <em>panto<\/em> 140, <em>moroti<\/em> 169, 175, <em>maroti<\/em> 169. S\u00f3n mots normatius <em>papu,<\/em> des del <span class=\"versaleta\"><em>dg1<\/em><\/span><em>,<\/em> 1932, i <em>butoni,<\/em> des del <span class=\"versaleta\"><em>diec1<\/em><\/span><em>,<\/em> 1995.<\/p><\/blockquote>\n","protected":false},"excerpt":{"rendered":"<p>L&#8217;Atles ling\u00fc\u00edstic del domini catal\u00e0 (veg. ; ) localitza un munt de versions de l&#8217;\u00e9sser imaginari amb qu\u00e8 s&#8217;atemorix els xiquets: 382 El papu (aldc, iii, 581. El papu) L\u2019\u2018\u00e9sser fant\u00e0stic per a fer por a les criatures\u2019 coneix una gran varietat de noms pel fet de formar part del m\u00f3n infantil. Nom\u00e9s hem cartografiat [&hellip;]<\/p>\n","protected":false},"author":1,"featured_media":0,"parent":0,"menu_order":0,"comment_status":"closed","ping_status":"closed","template":"","meta":{"footnotes":""},"class_list":["post-6386","page","type-page","status-publish","hentry"],"post_mailing_queue_ids":[],"_links":{"self":[{"href":"https:\/\/www.cdlpv.org\/fitxes\/wp-json\/wp\/v2\/pages\/6386","targetHints":{"allow":["GET"]}}],"collection":[{"href":"https:\/\/www.cdlpv.org\/fitxes\/wp-json\/wp\/v2\/pages"}],"about":[{"href":"https:\/\/www.cdlpv.org\/fitxes\/wp-json\/wp\/v2\/types\/page"}],"author":[{"embeddable":true,"href":"https:\/\/www.cdlpv.org\/fitxes\/wp-json\/wp\/v2\/users\/1"}],"replies":[{"embeddable":true,"href":"https:\/\/www.cdlpv.org\/fitxes\/wp-json\/wp\/v2\/comments?post=6386"}],"version-history":[{"count":3,"href":"https:\/\/www.cdlpv.org\/fitxes\/wp-json\/wp\/v2\/pages\/6386\/revisions"}],"predecessor-version":[{"id":6394,"href":"https:\/\/www.cdlpv.org\/fitxes\/wp-json\/wp\/v2\/pages\/6386\/revisions\/6394"}],"wp:attachment":[{"href":"https:\/\/www.cdlpv.org\/fitxes\/wp-json\/wp\/v2\/media?parent=6386"}],"curies":[{"name":"wp","href":"https:\/\/api.w.org\/{rel}","templated":true}]}}