{"id":580,"date":"2016-07-01T09:34:13","date_gmt":"2016-07-01T07:34:13","guid":{"rendered":"http:\/\/www.cdlpv.org\/fitxes\/?page_id=580"},"modified":"2016-07-01T09:34:13","modified_gmt":"2016-07-01T07:34:13","slug":"olf-date","status":"publish","type":"page","link":"https:\/\/www.cdlpv.org\/fitxes\/olf-date\/","title":{"rendered":"OLF &#8211; date"},"content":{"rendered":"<p style=\"text-align: right;\">Office de la Langue Fran\u00e7aise (Internet, 02.07.1997)<\/p>\n<p style=\"text-align: center;\">[D]\n<p style=\"text-align: center;\">310 \u00c9criture de la date<\/p>\n<p>En correspondance, la date figure dans l&#8217;angle sup\u00e9rieur droit de la lettre et doit \u00eatre pr\u00e9c\u00e9d\u00e9e de l&#8217;article le. Il n&#8217;y a pas de virgule entre le nom du mois et l&#8217;ann\u00e9e.<\/p>\n<p>Le 15 mars 1993 (Noter la majuscule et l&#8217;absence de ponctuation.)<\/p>\n<p>S&#8217;il est utile de mentionner le lieu d&#8217;origine de la lettre, on \u00e9crit, par exemple :<\/p>\n<p>Montr\u00e9al, le 12 avril 1993 (sans point final)<\/p>\n<p>En principe, on n&#8217;indique pas le nom du jour de la semaine. Mais, si on le juge n\u00e9cessaire, on peut \u00e9crire :<\/p>\n<p>Jeudi 12 juin 1993 (sans point final)<\/p>\n<p>Qu\u00e9bec, le jeudi 12 juin 1993<\/p>\n<p>De la m\u00eame fa\u00e7on, si la date figure dans le corps de la lettre, elle ne comporte ni virgule ni majuscule, et le nom du jour est pr\u00e9c\u00e9d\u00e9 de l&#8217;article.<\/p>\n<p>Vous \u00eates convoqu\u00e9 \u00e0 une entrevue le jeudi 16 avril 1993.<\/p>\n<p>Pour des explications plus compl\u00e8tes et des exemples plus nombreux, on consultera Le fran\u00e7ais au bureau, publi\u00e9 par l&#8217;Office de la langue fran\u00e7aise, ou un bon guide de correspondance.<\/p>\n","protected":false},"excerpt":{"rendered":"<p>Office de la Langue Fran\u00e7aise (Internet, 02.07.1997) [D] 310 \u00c9criture de la date En correspondance, la date figure dans l&#8217;angle sup\u00e9rieur droit de la lettre et doit \u00eatre pr\u00e9c\u00e9d\u00e9e de l&#8217;article le. Il n&#8217;y a pas de virgule entre le nom du mois et l&#8217;ann\u00e9e. Le 15 mars 1993 (Noter la majuscule et l&#8217;absence de [&hellip;]<\/p>\n","protected":false},"author":1,"featured_media":0,"parent":0,"menu_order":0,"comment_status":"closed","ping_status":"closed","template":"","meta":{"footnotes":""},"class_list":["post-580","page","type-page","status-publish","hentry"],"post_mailing_queue_ids":[],"_links":{"self":[{"href":"https:\/\/www.cdlpv.org\/fitxes\/wp-json\/wp\/v2\/pages\/580","targetHints":{"allow":["GET"]}}],"collection":[{"href":"https:\/\/www.cdlpv.org\/fitxes\/wp-json\/wp\/v2\/pages"}],"about":[{"href":"https:\/\/www.cdlpv.org\/fitxes\/wp-json\/wp\/v2\/types\/page"}],"author":[{"embeddable":true,"href":"https:\/\/www.cdlpv.org\/fitxes\/wp-json\/wp\/v2\/users\/1"}],"replies":[{"embeddable":true,"href":"https:\/\/www.cdlpv.org\/fitxes\/wp-json\/wp\/v2\/comments?post=580"}],"version-history":[{"count":1,"href":"https:\/\/www.cdlpv.org\/fitxes\/wp-json\/wp\/v2\/pages\/580\/revisions"}],"predecessor-version":[{"id":581,"href":"https:\/\/www.cdlpv.org\/fitxes\/wp-json\/wp\/v2\/pages\/580\/revisions\/581"}],"wp:attachment":[{"href":"https:\/\/www.cdlpv.org\/fitxes\/wp-json\/wp\/v2\/media?parent=580"}],"curies":[{"name":"wp","href":"https:\/\/api.w.org\/{rel}","templated":true}]}}

<p style="text-align: right;">Office de la Langue Française (Internet, 02.07.1997)</p>
<p style="text-align: center;">[D]
<p style="text-align: center;">310 Écriture de la date</p>
<p>En correspondance, la date figure dans l&#8217;angle supérieur droit de la lettre et doit être précédée de l&#8217;article le. Il n&#8217;y a pas de virgule entre le nom du mois et l&#8217;année.</p>
<p>Le 15 mars 1993 (Noter la majuscule et l&#8217;absence de ponctuation.)</p>
<p>S&#8217;il est utile de mentionner le lieu d&#8217;origine de la lettre, on écrit, par exemple :</p>
<p>Montréal, le 12 avril 1993 (sans point final)</p>
<p>En principe, on n&#8217;indique pas le nom du jour de la semaine. Mais, si on le juge nécessaire, on peut écrire :</p>
<p>Jeudi 12 juin 1993 (sans point final)</p>
<p>Québec, le jeudi 12 juin 1993</p>
<p>De la même façon, si la date figure dans le corps de la lettre, elle ne comporte ni virgule ni majuscule, et le nom du jour est précédé de l&#8217;article.</p>
<p>Vous êtes convoqué à une entrevue le jeudi 16 avril 1993.</p>
<p>Pour des explications plus complètes et des exemples plus nombreux, on consultera Le français au bureau, publié par l&#8217;Office de la langue française, ou un bon guide de correspondance.</p>

<p>Office de la Langue Française (Internet, 02.07.1997) [D] 310 Écriture de la date En correspondance, la date figure dans l&#8217;angle supérieur droit de la lettre et doit être précédée de l&#8217;article le. Il n&#8217;y a pas de virgule entre le nom du mois et l&#8217;année. Le 15 mars 1993 (Noter la majuscule et l&#8217;absence de [&hellip;]</p>
