{"id":33,"date":"2024-05-08T20:30:12","date_gmt":"2024-05-08T19:30:12","guid":{"rendered":"http:\/\/www.cdlpv.org\/fitxes\/?page_id=33"},"modified":"2024-05-08T13:17:55","modified_gmt":"2024-05-08T12:17:55","slug":"f","status":"publish","type":"page","link":"https:\/\/www.cdlpv.org\/fitxes\/f\/","title":{"rendered":"[F]"},"content":{"rendered":"<ol>\n<li><a href=\"http:\/\/www.einesdellengua.com\/Fitxes\/Textos\/F\/fabra.htm\" target=\"_blank\" rel=\"noopener noreferrer\">Fabra i Poch, Pompeu<\/a><\/li>\n<li><a href=\"https:\/\/www.cdlpv.org\/fitxes\/faixa-canto\/\" target=\"_blank\" rel=\"noopener noreferrer\">faixa-cant\u00f3<\/a><\/li>\n<li><a href=\"http:\/\/www.einesdellengua.com\/Fitxes\/Textos\/F\/faixar.htm\" target=\"_blank\" rel=\"noopener noreferrer\">faixar<\/a><\/li>\n<li><a href=\"https:\/\/www.cdlpv.org\/fitxes\/faixo\/\" target=\"_blank\" rel=\"noopener noreferrer\">faix\u00f3<\/a><\/li>\n<li><a href=\"http:\/\/www.einesdellengua.com\/Fitxes\/Textos\/F\/feixina.htm\" target=\"_blank\" rel=\"noopener noreferrer\"><em>fajina<\/em><\/a><\/li>\n<li><a href=\"http:\/\/www.einesdellengua.com\/Fitxes\/Textos\/F\/falaixa.htm\" target=\"_blank\" rel=\"noopener noreferrer\">falaixa<\/a><\/li>\n<li><a href=\"http:\/\/www.einesdellengua.com\/Fitxes\/Textos\/F\/falcada.htm\" target=\"_blank\" rel=\"noopener noreferrer\">falcada<\/a><\/li>\n<li><a href=\"http:\/\/www.einesdellengua.com\/Fitxes\/Textos\/F\/falca.htm\" target=\"_blank\" rel=\"noopener noreferrer\">falca<\/a><\/li>\n<li><a href=\"http:\/\/www.einesdellengua.com\/Fitxes\/Textos\/F\/falcat.htm\" target=\"_blank\" rel=\"noopener noreferrer\">falcat<\/a><\/li>\n<li><a href=\"https:\/\/www.cdlpv.org\/fitxes\/defalliment\/\" target=\"_blank\" rel=\"noopener\">fallanca<\/a><\/li>\n<li><a href=\"http:\/\/www.einesdellengua.com\/Fitxes\/Textos\/F\/falloria.htm\" target=\"_blank\" rel=\"noopener noreferrer\">fall\u00f2ria<\/a><\/li>\n<li><a href=\"http:\/\/www.einesdellengua.com\/Fitxes\/Textos\/F\/falsificacio.htm\" target=\"_blank\" rel=\"noopener noreferrer\">falsificaci\u00f3<\/a><\/li>\n<li><a href=\"http:\/\/www.einesdellengua.com\/Fitxes\/Textos\/F\/fanecada.htm\" target=\"_blank\" rel=\"noopener noreferrer\">fanecada<\/a><\/li>\n<li><a href=\"http:\/\/www.einesdellengua.com\/Fitxes\/Textos\/F\/fanera.htm\" target=\"_blank\" rel=\"noopener noreferrer\">f\u00e0nera<\/a><\/li>\n<li><a href=\"http:\/\/www.einesdellengua.com\/Fitxes\/Textos\/F\/FAO.htm\" target=\"_blank\" rel=\"noopener noreferrer\">FAO<\/a><\/li>\n<li><a href=\"http:\/\/www.einesdellengua.com\/Fitxes\/Textos\/F\/fareta.htm\" target=\"_blank\" rel=\"noopener noreferrer\"><em>fareta<\/em><\/a>*<\/li>\n<li><a href=\"http:\/\/www.einesdellengua.com\/Fitxes\/Textos\/F\/farol.htm\" target=\"_blank\" rel=\"noopener noreferrer\">farol<\/a><\/li>\n<li><a href=\"http:\/\/www.einesdellengua.com\/Fitxes\/Textos\/F\/farragos.htm\" target=\"_blank\" rel=\"noopener noreferrer\">farrag\u00f3s -gosa<\/a><\/li>\n<li><a href=\"http:\/\/www.einesdellengua.com\/Fitxes\/Textos\/F\/feixina.htm\" target=\"_blank\" rel=\"noopener noreferrer\"><em>fascine<\/em><\/a><\/li>\n<li><a href=\"http:\/\/www.einesdellengua.com\/Fitxes\/Textos\/F\/fatues.htm\" target=\"_blank\" rel=\"noopener noreferrer\"><em>fatues<\/em><\/a>*<\/li>\n<li><a href=\"http:\/\/www.einesdellengua.com\/Fitxes\/Textos\/F\/fauxami.htm\" target=\"_blank\" rel=\"noopener noreferrer\"><em>faux ami<\/em><\/a><\/li>\n<li><a href=\"http:\/\/www.einesdellengua.com\/natura\/entorn.htm\" target=\"_blank\" rel=\"noopener noreferrer\">fauna<\/a> (recull)<\/li>\n<li><a href=\"https:\/\/www.cdlpv.org\/fitxes\/favaloi\/\" target=\"_blank\" rel=\"noopener noreferrer\">favaloi<\/a><\/li>\n<li><a href=\"http:\/\/www.einesdellengua.com\/Fitxes\/Textos\/F\/favorecimiento.htm\" target=\"_blank\" rel=\"noopener noreferrer\"><em>favorecimiento<\/em><\/a><\/li>\n<li><a href=\"http:\/\/www.einesdellengua.com\/Fitxes\/Textos\/F\/Fayona.htm\" target=\"_blank\" rel=\"noopener noreferrer\">Fayona, rambla de la<\/a><\/li>\n<li><a href=\"http:\/\/www.einesdellengua.com\/Fitxes\/Textos\/F\/feda.htm\" target=\"_blank\" rel=\"noopener noreferrer\">feda<\/a><\/li>\n<li><a href=\"https:\/\/www.cdlpv.org\/fitxes\/feeric-ca\/\" target=\"_blank\" rel=\"noopener\">fe\u00e8ric -ca<\/a><\/li>\n<li><a href=\"http:\/\/www.einesdellengua.com\/Fitxes\/Textos\/F\/FEGA.htm\" target=\"_blank\" rel=\"noopener noreferrer\">FEGA<\/a><\/li>\n<li><a href=\"http:\/\/www.einesdellengua.com\/Fitxes\/Textos\/F\/feixina.htm\" target=\"_blank\" rel=\"noopener noreferrer\">feixina<\/a><\/li>\n<li><a href=\"https:\/\/www.cdlpv.org\/fitxes\/feixisme-roig\" target=\"_blank\" rel=\"noopener\">feixisme d&#8217;esquera<\/a><\/li>\n<li><a href=\"https:\/\/www.cdlpv.org\/fitxes\/feixisme-roig\" target=\"_blank\" rel=\"noopener\">feixisme roig<\/a><\/li>\n<li><a href=\"http:\/\/www.cdlpv.org\/fitxes\/femellisme\/\" target=\"_blank\" rel=\"noopener noreferrer\">femellisme<\/a><\/li>\n<li><a href=\"http:\/\/www.einesdellengua.com\/Fitxes\/Textos\/F\/fenitrotion.htm\" target=\"_blank\" rel=\"noopener noreferrer\">fenitrotion<\/a>*<\/li>\n<li><a href=\"http:\/\/www.cdlpv.org\/fitxes\/fenomens-meteorologics\/\" target=\"_blank\" rel=\"noopener noreferrer\">fen\u00f2mens meteorol\u00f2gics<\/a><\/li>\n<li><a href=\"http:\/\/www.einesdellengua.com\/Fitxes\/Textos\/F\/fention.htm\" target=\"_blank\" rel=\"noopener noreferrer\">fention<\/a>*<\/li>\n<li><a href=\"http:\/\/www.einesdellengua.com\/Fitxes\/Textos\/F\/FEOGA.htm\" target=\"_blank\" rel=\"noopener noreferrer\">FEOGA<\/a><\/li>\n<li><a href=\"http:\/\/www.einesdellengua.com\/Fitxes\/Textos\/F\/fercas.htm\" target=\"_blank\" rel=\"noopener noreferrer\">fer cas<\/a><\/li>\n<li><a href=\"http:\/\/www.einesdellengua.com\/Fitxes\/Textos\/P\/plemigjorn.htm\" target=\"_blank\" rel=\"noopener noreferrer\">fer el ple migjorn<\/a>*<\/li>\n<li><a href=\"http:\/\/www.einesdellengua.com\/Fitxes\/Textos\/P\/plemigjorn.htm\" target=\"_blank\" rel=\"noopener noreferrer\">fer el plemigjorn<\/a>*<\/li>\n<li><a href=\"http:\/\/www.einesdellengua.com\/Fitxes\/Textos\/F\/ferfronta.htm\" target=\"_blank\" rel=\"noopener noreferrer\">fer front a<\/a><\/li>\n<li><a href=\"http:\/\/www.einesdellengua.com\/Fitxes\/Textos\/H\/harca.htm\" target=\"_blank\" rel=\"noopener noreferrer\">fer harca<\/a><\/li>\n<li><a href=\"https:\/\/www.cdlpv.org\/fitxes\/fer-lou\/\" target=\"_blank\" rel=\"noopener noreferrer\">fer l&#8217;ou<\/a><\/li>\n<li><a href=\"http:\/\/www.einesdellengua.com\/Fitxes\/Textos\/F\/ferunbracet.htm\" target=\"_blank\" rel=\"noopener noreferrer\">fer un bracet<\/a>*<\/li>\n<li><a href=\"https:\/\/www.cdlpv.org\/fitxes\/profia\/\" target=\"_blank\" rel=\"noopener\">fer una profia<\/a><\/li>\n<li><a href=\"http:\/\/www.einesdellengua.com\/Fitxes\/Textos\/F\/ferseamb.htm\" target=\"_blank\" rel=\"noopener noreferrer\">fer-se amb<\/a><\/li>\n<li><a href=\"http:\/\/www.einesdellengua.com\/Fitxes\/Textos\/F\/ferm.htm\" target=\"_blank\" rel=\"noopener noreferrer\">ferm<\/a><\/li>\n<li><a href=\"http:\/\/www.einesdellengua.com\/Fitxes\/Textos\/F\/fermi.htm\" target=\"_blank\" rel=\"noopener noreferrer\">fermi<\/a><\/li>\n<li><a href=\"https:\/\/www.cdlpv.org\/fitxes\/ferrabras\" target=\"_blank\" rel=\"noopener noreferrer\">ferrabr\u00e0s<\/a><\/li>\n<li><a href=\"http:\/\/www.einesdellengua.com\/Fitxes\/Textos\/F\/ferostec.htm\" target=\"_blank\" rel=\"noopener noreferrer\">fer\u00f2stec<\/a>*<\/li>\n<li><a href=\"http:\/\/www.cdlpv.org\/fitxes\/festiu-dobertura-lliure\/\" target=\"_blank\" rel=\"noopener noreferrer\">festiu d&#8217;obertura lliure<\/a><\/li>\n<li><a href=\"http:\/\/www.einesdellengua.com\/Fitxes\/Textos\/F\/feta.htm\" target=\"_blank\" rel=\"noopener noreferrer\">feta<\/a>*<\/li>\n<li><a href=\"http:\/\/www.einesdellengua.com\/Fitxes\/Textos\/F\/fijodiscontinuo.htm\" target=\"_blank\" rel=\"noopener noreferrer\"><em>fijo discontinuo<\/em><\/a><\/li>\n<li><a href=\"http:\/\/www.einesdellengua.com\/Fitxes\/Textos\/F\/filler.htm\" target=\"_blank\" rel=\"noopener noreferrer\">f\u00edler<\/a>*<\/li>\n<li><a href=\"http:\/\/www.einesdellengua.com\/Fitxes\/Textos\/F\/filler.htm\" target=\"_blank\" rel=\"noopener noreferrer\">f\u00edl\u00b7ler<\/a><\/li>\n<li><a href=\"http:\/\/www.einesdellengua.com\/Fitxes\/Textos\/F\/filler.htm\" target=\"_blank\" rel=\"noopener noreferrer\">f\u00edller<\/a>*<\/li>\n<li><a href=\"http:\/\/www.einesdellengua.com\/Fitxes\/Textos\/F\/filler.htm\" target=\"_blank\" rel=\"noopener noreferrer\"><em>filler<\/em><\/a><\/li>\n<li><a href=\"http:\/\/www.cdlpv.org\/fitxes\/final-de-servei\/\" target=\"_blank\" rel=\"noopener noreferrer\">final de servei<\/a><\/li>\n<li><a href=\"http:\/\/www.einesdellengua.com\/Fitxes\/Textos\/F\/finalitzacio.htm\" target=\"_blank\" rel=\"noopener noreferrer\">finalitzaci\u00f3<\/a><\/li>\n<li><a href=\"http:\/\/www.einesdellengua.com\/Fitxes\/Textos\/F\/Finestrat.htm\" target=\"_blank\" rel=\"noopener noreferrer\">Finestrat<\/a><\/li>\n<li><a href=\"http:\/\/www.einesdellengua.com\/Fitxes\/Textos\/F\/finiquito.htm\" target=\"_blank\" rel=\"noopener noreferrer\"><em>finiquito<\/em><\/a><\/li>\n<li><a href=\"http:\/\/www.einesdellengua.com\/Fitxes\/Textos\/F\/fins.htm\" target=\"_blank\" rel=\"noopener noreferrer\">fins \/ fins a<\/a><\/li>\n<li><a href=\"http:\/\/www.einesdellengua.com\/Fitxes\/Textos\/F\/firmafantasma.htm\" target=\"_blank\" rel=\"noopener noreferrer\">firma fantasma<\/a>*<\/li>\n<li><a href=\"http:\/\/www.einesdellengua.com\/Fitxes\/Textos\/F\/fixdiscontinu.htm\" target=\"_blank\" rel=\"noopener noreferrer\">fix discontinu<\/a><\/li>\n<li><a href=\"http:\/\/www.einesdellengua.com\/Fitxes\/Textos\/F\/flas.htm\" target=\"_blank\" rel=\"noopener noreferrer\"><em>flas<\/em><\/a><\/li>\n<li><a href=\"http:\/\/www.einesdellengua.com\/Fitxes\/Textos\/F\/flat.htm\" target=\"_blank\" rel=\"noopener noreferrer\"><em>flat<\/em><\/a><\/li>\n<li><a href=\"http:\/\/www.einesdellengua.com\/Fitxes\/Textos\/F\/flecha.htm\" target=\"_blank\" rel=\"noopener noreferrer\"><em>flecha<\/em><\/a><\/li>\n<li><a href=\"http:\/\/www.einesdellengua.com\/Fitxes\/Textos\/R\/rotafolio.htm\" target=\"_blank\" rel=\"noopener noreferrer\"><em>flip chart<\/em><\/a><\/li>\n<li><a href=\"http:\/\/www.einesdellengua.com\/Fitxes\/Textos\/F\/floc.htm\" target=\"_blank\" rel=\"noopener noreferrer\">floc<\/a><\/li>\n<li><a href=\"http:\/\/www.einesdellengua.com\/Fitxes\/Textos\/F\/flocul.htm\" target=\"_blank\" rel=\"noopener noreferrer\">fl\u00f2cul<\/a>*<\/li>\n<li><a href=\"http:\/\/www.einesdellengua.com\/natura\/entorn.htm\" target=\"_blank\" rel=\"noopener noreferrer\">flora<\/a> (recull)<\/li>\n<li><a href=\"https:\/\/www.cdlpv.org\/fitxes\/angimbori\" target=\"_blank\" rel=\"noopener\">flosti<\/a><\/li>\n<li><a href=\"https:\/\/www.cdlpv.org\/fitxes\/angimbori\" target=\"_blank\" rel=\"noopener\">fl\u00f2stic<\/a><\/li>\n<li><a href=\"http:\/\/www.einesdellengua.com\/Fitxes\/Textos\/F\/flutter.htm\" target=\"_blank\" rel=\"noopener noreferrer\"><em>flutter<\/em><\/a><\/li>\n<li><a href=\"http:\/\/www.einesdellengua.com\/Fitxes\/Textos\/F\/fm.htm\" target=\"_blank\" rel=\"noopener noreferrer\">fm<\/a><\/li>\n<li><a href=\"http:\/\/www.einesdellengua.com\/Fitxes\/Textos\/F\/fnac.htm\" target=\"_blank\" rel=\"noopener noreferrer\">FNAC<\/a><\/li>\n<li><a href=\"http:\/\/www.einesdellengua.com\/Fitxes\/Textos\/F\/follar.htm\" target=\"_blank\" rel=\"noopener noreferrer\">follar<\/a><\/li>\n<li><a href=\"http:\/\/www.einesdellengua.com\/Fitxes\/Textos\/F\/fondellol.htm\" target=\"_blank\" rel=\"noopener noreferrer\">fondellol<\/a><\/li>\n<li><a href=\"http:\/\/www.einesdellengua.com\/Fitxes\/Textos\/F\/fondillo.htm\" target=\"_blank\" rel=\"noopener noreferrer\">fondill\u00f3<\/a>*<\/li>\n<li><a href=\"http:\/\/www.einesdellengua.com\/Fitxes\/Textos\/F\/fondillon.htm\" target=\"_blank\" rel=\"noopener noreferrer\"><em>fondill\u00f3n<\/em><\/a><\/li>\n<li><a href=\"http:\/\/www.einesdellengua.com\/Fitxes\/Textos\/F\/Fondo.htm\" target=\"_blank\" rel=\"noopener noreferrer\">Fondo, el<\/a><\/li>\n<li><a href=\"http:\/\/www.einesdellengua.com\/Fitxes\/Textos\/F\/fondodesaco.htm\" target=\"_blank\" rel=\"noopener noreferrer\"><em>fondo de saco<\/em><\/a>*<\/li>\n<li><a href=\"http:\/\/www.einesdellengua.com\/Fitxes\/Textos\/F\/fonoalternador.htm\" target=\"_blank\" rel=\"noopener noreferrer\">fonoalternador<\/a>*<\/li>\n<li><a href=\"http:\/\/www.einesdellengua.com\/Fitxes\/Textos\/F\/Font.htm\" target=\"_blank\" rel=\"noopener noreferrer\">Font, barranc de la<\/a><\/li>\n<li><a href=\"http:\/\/www.einesdellengua.com\/Fitxes\/Textos\/F\/Fontalmaguer.htm\" target=\"_blank\" rel=\"noopener noreferrer\">Font d&#8217;Almaguer<\/a><\/li>\n<li><a href=\"http:\/\/www.einesdellengua.com\/Fitxes\/Textos\/P\/Paterna.htm\" target=\"_blank\" rel=\"noopener noreferrer\">Font del Gerro<\/a><\/li>\n<li><a href=\"http:\/\/www.einesdellengua.com\/Fitxes\/Textos\/F\/Fontanelles.htm\" target=\"_blank\" rel=\"noopener noreferrer\">Fontanelles<\/a><\/li>\n<li><a href=\"http:\/\/www.einesdellengua.com\/Fitxes\/Textos\/F\/fontaner.htm\" target=\"_blank\" rel=\"noopener noreferrer\">fontaner -ra<\/a><\/li>\n<li><a href=\"http:\/\/www.einesdellengua.com\/Fitxes\/Textos\/F\/forestacion.htm\" target=\"_blank\" rel=\"noopener noreferrer\"><em>forestaci\u00f3n<\/em><\/a><\/li>\n<li><a href=\"http:\/\/www.einesdellengua.com\/Fitxes\/Textos\/F\/forjado.htm\" target=\"_blank\" rel=\"noopener noreferrer\"><em>forjado<\/em><\/a><\/li>\n<li><a href=\"http:\/\/www.einesdellengua.com\/Fitxes\/Textos\/F\/forjat.htm\" target=\"_blank\" rel=\"noopener noreferrer\">forjat<\/a><\/li>\n<li><a href=\"http:\/\/www.einesdellengua.com\/Fitxes\/Textos\/F\/formacionoton.htm\" target=\"_blank\" rel=\"noopener noreferrer\"><em>formaci\u00f3n Ot\u00f3n<\/em><\/a><\/li>\n<li><a href=\"http:\/\/www.einesdellengua.com\/Fitxes\/Textos\/F\/forniller.htm\" target=\"_blank\" rel=\"noopener noreferrer\">fornilla<\/a>*<\/li>\n<li><a href=\"http:\/\/www.einesdellengua.com\/Fitxes\/Textos\/F\/forniller.htm\" target=\"_blank\" rel=\"noopener noreferrer\">forniller -ra<\/a>*<\/li>\n<li><a href=\"http:\/\/www.einesdellengua.com\/Fitxes\/Textos\/F\/forra.htm\" target=\"_blank\" rel=\"noopener noreferrer\">forra<\/a><\/li>\n<li><a href=\"http:\/\/www.einesdellengua.com\/Fitxes\/Textos\/F\/Fortuyn.htm\" target=\"_blank\" rel=\"noopener noreferrer\">Fortuyn<\/a><\/li>\n<li><a href=\"http:\/\/www.einesdellengua.com\/Fitxes\/Textos\/F\/foronomia.htm\" target=\"_blank\" rel=\"noopener noreferrer\">foronomia<\/a>*<\/li>\n<li><a href=\"http:\/\/www.cdlpv.org\/fitxes\/fos\/\" target=\"_blank\" rel=\"noopener noreferrer\">-f\u00f2s<\/a><\/li>\n<li><a href=\"http:\/\/www.einesdellengua.com\/Fitxes\/Textos\/F\/fossils.htm\" target=\"_blank\" rel=\"noopener noreferrer\">f\u00f2ssils<\/a><\/li>\n<li><a href=\"http:\/\/www.einesdellengua.com\/Fitxes\/Textos\/F\/francbord.htm\" target=\"_blank\" rel=\"noopener noreferrer\">francbord<\/a><\/li>\n<li><a href=\"http:\/\/www.einesdellengua.com\/Fitxes\/Textos\/F\/frances.htm\" target=\"_blank\" rel=\"noopener noreferrer\">franc\u00e9s<\/a><\/li>\n<li><a href=\"http:\/\/www.einesdellengua.com\/Fitxes\/Textos\/F\/frasescriptiques.htm\" target=\"_blank\" rel=\"noopener noreferrer\">frases cr\u00edptiques<\/a><\/li>\n<li><a href=\"http:\/\/www.einesdellengua.com\/Fitxes\/Textos\/F\/fred.htm\" target=\"_blank\" rel=\"noopener noreferrer\">fred<\/a><\/li>\n<li><a href=\"http:\/\/www.einesdellengua.com\/Fitxes\/Textos\/F\/freefloat.htm\" target=\"_blank\" rel=\"noopener noreferrer\"><em>free float<\/em><\/a><\/li>\n<li><a href=\"http:\/\/www.einesdellengua.com\/Fitxes\/Textos\/F\/freesia.htm\" target=\"_blank\" rel=\"noopener noreferrer\"><em>freesia<\/em><\/a><\/li>\n<li><a href=\"http:\/\/www.einesdellengua.com\/Fitxes\/Textos\/F\/freesia.htm\" target=\"_blank\" rel=\"noopener noreferrer\">fre\u00e8sia<\/a><\/li>\n<li><a href=\"http:\/\/www.einesdellengua.com\/Fitxes\/Textos\/F\/fregadora.htm\" target=\"_blank\" rel=\"noopener noreferrer\">fregadora<\/a><\/li>\n<li><a href=\"https:\/\/www.cdlpv.org\/fitxes\/fregitada\/\" target=\"_blank\" rel=\"noopener noreferrer\">fregitada<\/a>*<\/li>\n<li><a href=\"http:\/\/www.einesdellengua.com\/Fitxes\/Textos\/F\/freesia.htm\" target=\"_blank\" rel=\"noopener noreferrer\"><em>fresia<\/em><\/a><\/li>\n<li><a href=\"http:\/\/www.einesdellengua.com\/Fitxes\/Textos\/F\/fressa.htm\" target=\"_blank\" rel=\"noopener noreferrer\">fressa<\/a><\/li>\n<li><a href=\"http:\/\/www.einesdellengua.com\/Fitxes\/Textos\/F\/frigano.htm\" target=\"_blank\" rel=\"noopener noreferrer\"><em>fr\u00edgano<\/em><\/a><\/li>\n<li><a href=\"http:\/\/www.einesdellengua.com\/Fitxes\/Textos\/F\/fringes.htm\" target=\"_blank\" rel=\"noopener noreferrer\"><em>fringes<\/em><\/a><\/li>\n<li><a href=\"http:\/\/www.einesdellengua.com\/Fitxes\/Textos\/F\/fritibullit.htm\" target=\"_blank\" rel=\"noopener noreferrer\">frit i bullit<\/a><\/li>\n<li><a href=\"https:\/\/www.cdlpv.org\/fitxes\/furla\" target=\"_blank\" rel=\"noopener\">fri\u00fcl\u00e0 -lana<\/a><\/li>\n<li><a href=\"http:\/\/www.cdlpv.org\/fitxes\/frontisme\/\" target=\"_blank\" rel=\"noopener noreferrer\">frontisme<\/a><\/li>\n<li><a href=\"https:\/\/www.cdlpv.org\/fitxes\/frontejar\/\" target=\"_blank\" rel=\"noopener\">frontejar<\/a><\/li>\n<li><a href=\"http:\/\/www.cdlpv.org\/fitxes\/fudre\/\" target=\"_blank\" rel=\"noopener noreferrer\">fudre<\/a><\/li>\n<li><a href=\"http:\/\/www.einesdellengua.com\/Fitxes\/Textos\/P\/Paterna.htm\" target=\"_blank\" rel=\"noopener noreferrer\"><em>Fuente del Jarro<\/em><\/a><\/li>\n<li><a href=\"http:\/\/www.einesdellengua.com\/Fitxes\/Textos\/F\/fulere.htm\" target=\"_blank\" rel=\"noopener noreferrer\">fuler\u00e9<\/a><\/li>\n<li><a href=\"http:\/\/www.einesdellengua.com\/Fitxes\/Textos\/F\/fulere.htm\" target=\"_blank\" rel=\"noopener noreferrer\"><em>fulereno<\/em><\/a><\/li>\n<li><a href=\"http:\/\/www.einesdellengua.com\/Fitxes\/Textos\/F\/fullapreciacio.htm\" target=\"_blank\" rel=\"noopener noreferrer\">full d&#8217;apreciaci\u00f3<\/a><\/li>\n<li><a href=\"http:\/\/www.einesdellengua.com\/Fitxes\/Textos\/F\/fulleda.htm\" target=\"_blank\" rel=\"noopener noreferrer\">Fulleda<\/a><\/li>\n<li><a href=\"http:\/\/www.einesdellengua.com\/Fitxes\/Textos\/F\/funeral.htm\" target=\"_blank\" rel=\"noopener noreferrer\">funeral<\/a><\/li>\n<li><a href=\"https:\/\/www.cdlpv.org\/fitxes\/furla\" target=\"_blank\" rel=\"noopener\">furl\u00e0 furlana<\/a><\/li>\n<li><a href=\"http:\/\/www.einesdellengua.com\/Fitxes\/Textos\/F\/fussar.htm\" target=\"_blank\" rel=\"noopener noreferrer\">fussar<\/a><\/li>\n<li><a href=\"http:\/\/www.einesdellengua.com\/Fitxes\/Textos\/F\/fuster.htm\" target=\"_blank\" rel=\"noopener noreferrer\">Fuster i Ortells, Joan<\/a><\/li>\n<li><a href=\"http:\/\/www.einesdellengua.com\/Fitxes\/Textos\/F\/fusteria.htm\" target=\"_blank\" rel=\"noopener noreferrer\">fusteria<\/a><\/li>\n<li><a href=\"http:\/\/www.einesdellengua.com\/Fitxes\/Textos\/F\/futur.htm\" target=\"_blank\" rel=\"noopener noreferrer\">futur<\/a><\/li>\n<li><a href=\"http:\/\/www.einesdellengua.com\/Fitxes\/Textos\/F\/fuzzy.htm\" target=\"_blank\" rel=\"noopener noreferrer\"><em>fuzzy<\/em><\/a><\/li>\n<\/ol>\n","protected":false},"excerpt":{"rendered":"<p>Fabra i Poch, Pompeu faixa-cant\u00f3 faixar faix\u00f3 fajina falaixa falcada falca falcat fallanca fall\u00f2ria falsificaci\u00f3 fanecada f\u00e0nera FAO fareta* farol farrag\u00f3s -gosa fascine fatues* faux ami fauna (recull) favaloi favorecimiento Fayona, rambla de la feda fe\u00e8ric -ca FEGA feixina feixisme d&#8217;esquera feixisme roig femellisme fenitrotion* fen\u00f2mens meteorol\u00f2gics fention* FEOGA fer cas fer el ple migjorn* [&hellip;]<\/p>\n","protected":false},"author":1,"featured_media":0,"parent":0,"menu_order":6,"comment_status":"closed","ping_status":"closed","template":"","meta":{"footnotes":""},"class_list":["post-33","page","type-page","status-publish","hentry"],"post_mailing_queue_ids":[],"_links":{"self":[{"href":"https:\/\/www.cdlpv.org\/fitxes\/wp-json\/wp\/v2\/pages\/33","targetHints":{"allow":["GET"]}}],"collection":[{"href":"https:\/\/www.cdlpv.org\/fitxes\/wp-json\/wp\/v2\/pages"}],"about":[{"href":"https:\/\/www.cdlpv.org\/fitxes\/wp-json\/wp\/v2\/types\/page"}],"author":[{"embeddable":true,"href":"https:\/\/www.cdlpv.org\/fitxes\/wp-json\/wp\/v2\/users\/1"}],"replies":[{"embeddable":true,"href":"https:\/\/www.cdlpv.org\/fitxes\/wp-json\/wp\/v2\/comments?post=33"}],"version-history":[{"count":29,"href":"https:\/\/www.cdlpv.org\/fitxes\/wp-json\/wp\/v2\/pages\/33\/revisions"}],"predecessor-version":[{"id":6844,"href":"https:\/\/www.cdlpv.org\/fitxes\/wp-json\/wp\/v2\/pages\/33\/revisions\/6844"}],"wp:attachment":[{"href":"https:\/\/www.cdlpv.org\/fitxes\/wp-json\/wp\/v2\/media?parent=33"}],"curies":[{"name":"wp","href":"https:\/\/api.w.org\/{rel}","templated":true}]}}