{"id":2196,"date":"2019-03-21T20:30:40","date_gmt":"2019-03-21T19:30:40","guid":{"rendered":"http:\/\/www.cdlpv.org\/fitxes\/?page_id=2196"},"modified":"2019-03-21T10:45:16","modified_gmt":"2019-03-21T09:45:16","slug":"permanyer-20060311","status":"publish","type":"page","link":"https:\/\/www.cdlpv.org\/fitxes\/permanyer-20060311\/","title":{"rendered":"Permanyer (11.03.2006): \u00abEstudios y cuartel en la Rambla\u00bb"},"content":{"rendered":"<p class=\"cap\u00e7alera\" style=\"text-align: right;\">Tret de <em>La Vanguardia<\/em><\/p>\n<h2 class=\"inicial\">Estudios y cuartel en la Rambla<\/h2>\n<p class=\"periodista\">LLU\u00cdS PERMANYER &#8211; 11\/03\/2006<\/p>\n<p>Por la cabecera de la Rambla flu\u00eda desde la noche de los tiempos la riera D&#8217;en Malla, pero, cuando en 1360 se comenz\u00f3 a tender la segunda muralla g\u00f3tica, aquel espacio qued\u00f3 cerrado. El lugar estaba destinado a recibir el Estudi General o universidad literaria, pero no acaeci\u00f3 hasta mediados del siglo XVI.<\/p>\n<p>En lo que a medicina se refiere, la ense\u00f1anza hab\u00eda sido otorgada por Mart\u00ed l&#8217;Hum\u00e0 en 1402 y el privilegio lo refrendaron Alfons el Magn\u00e0nim y la bula papal de Nicol\u00e1s V en 1450, pero las sutiles maniobras pol\u00edticas de los consellers para mantener en la ciudad el equilibrio de poder, agravadas a rengl\u00f3n seguido por la guerra civil catalana, impidieron que la instituci\u00f3n fraguara.<\/p>\n<p>Hubo que aguardar hasta 1536 para que fuera colocada la primera piedra, a cargo de Carlos I. El edificio del Estudi General, que sufrag\u00f3 el Ayuntamiento, cerraba pues la Rambla entre el Portal de Santa Anna y el de Tallers; era de una banalidad desesperada y su construcci\u00f3n se alarg\u00f3 hasta 1592, pero las clases ya hab\u00edan dado principio en 1559. Cosme Dami\u00e0 Hortol\u00e0, abad de Vilabertran, fue su primer rector.<\/p>\n<p>La capilla no estuvo terminada hasta 1581. La estatua de san Lucas que presid\u00eda en lugar preferente desapareci\u00f3 durante la invasi\u00f3n napole\u00f3nica. Sobre la puerta principal del Estudi<\/p>\n<p>General, un escudo que desde hace un par de decenios luce cabe el paraninfo de la Universitat de Barcelona.<\/p>\n<p>La decadencia que pes\u00f3 sobre esta instituci\u00f3n favorecer\u00e1 la proyecci\u00f3n ciudadana que, en lo que a ense\u00f1anza laica se refiere, eman\u00f3 al amparo de los jesuitas en el colegio de Betlem y de Cordelles, nombre del patrocinador.<\/p>\n<p>Todo acab\u00f3 cuando en 1714 la ciudad fue castigada por Felipe V tambi\u00e9n con el traslado a Cervera del Estudi General. Ya en 1718 aquel caser\u00f3n recibi\u00f3 el dudoso honor de ser transformado en cuartel de artiller\u00eda. Su derribo acaeci\u00f3 en 1843, cuando se consider\u00f3 necesario abrir all\u00ed el Portal de Isabel II. A nadie le doli\u00f3 la acci\u00f3n de la piqueta, entre otras cosas porque se viv\u00eda con pasi\u00f3n todo lo que creara un clima favorable al derribo de unas murallas que asfixiaban a los barceloneses.<\/p>\n","protected":false},"excerpt":{"rendered":"<p>Tret de La Vanguardia Estudios y cuartel en la Rambla LLU\u00cdS PERMANYER &#8211; 11\/03\/2006 Por la cabecera de la Rambla flu\u00eda desde la noche de los tiempos la riera D&#8217;en Malla, pero, cuando en 1360 se comenz\u00f3 a tender la segunda muralla g\u00f3tica, aquel espacio qued\u00f3 cerrado. El lugar estaba destinado a recibir el Estudi [&hellip;]<\/p>\n","protected":false},"author":1,"featured_media":0,"parent":0,"menu_order":0,"comment_status":"closed","ping_status":"closed","template":"","meta":{"footnotes":""},"class_list":["post-2196","page","type-page","status-publish","hentry"],"post_mailing_queue_ids":[],"_links":{"self":[{"href":"https:\/\/www.cdlpv.org\/fitxes\/wp-json\/wp\/v2\/pages\/2196","targetHints":{"allow":["GET"]}}],"collection":[{"href":"https:\/\/www.cdlpv.org\/fitxes\/wp-json\/wp\/v2\/pages"}],"about":[{"href":"https:\/\/www.cdlpv.org\/fitxes\/wp-json\/wp\/v2\/types\/page"}],"author":[{"embeddable":true,"href":"https:\/\/www.cdlpv.org\/fitxes\/wp-json\/wp\/v2\/users\/1"}],"replies":[{"embeddable":true,"href":"https:\/\/www.cdlpv.org\/fitxes\/wp-json\/wp\/v2\/comments?post=2196"}],"version-history":[{"count":1,"href":"https:\/\/www.cdlpv.org\/fitxes\/wp-json\/wp\/v2\/pages\/2196\/revisions"}],"predecessor-version":[{"id":2197,"href":"https:\/\/www.cdlpv.org\/fitxes\/wp-json\/wp\/v2\/pages\/2196\/revisions\/2197"}],"wp:attachment":[{"href":"https:\/\/www.cdlpv.org\/fitxes\/wp-json\/wp\/v2\/media?parent=2196"}],"curies":[{"name":"wp","href":"https:\/\/api.w.org\/{rel}","templated":true}]}}

<p class="capçalera" style="text-align: right;">Tret de <em>La Vanguardia</em></p>
<h2 class="inicial">Estudios y cuartel en la Rambla</h2>
<p class="periodista">LLUÍS PERMANYER &#8211; 11/03/2006</p>
<p>Por la cabecera de la Rambla fluía desde la noche de los tiempos la riera D&#8217;en Malla, pero, cuando en 1360 se comenzó a tender la segunda muralla gótica, aquel espacio quedó cerrado. El lugar estaba destinado a recibir el Estudi General o universidad literaria, pero no acaeció hasta mediados del siglo XVI.</p>
<p>En lo que a medicina se refiere, la enseñanza había sido otorgada por Martí l&#8217;Humà en 1402 y el privilegio lo refrendaron Alfons el Magnànim y la bula papal de Nicolás V en 1450, pero las sutiles maniobras políticas de los consellers para mantener en la ciudad el equilibrio de poder, agravadas a renglón seguido por la guerra civil catalana, impidieron que la institución fraguara.</p>
<p>Hubo que aguardar hasta 1536 para que fuera colocada la primera piedra, a cargo de Carlos I. El edificio del Estudi General, que sufragó el Ayuntamiento, cerraba pues la Rambla entre el Portal de Santa Anna y el de Tallers; era de una banalidad desesperada y su construcción se alargó hasta 1592, pero las clases ya habían dado principio en 1559. Cosme Damià Hortolà, abad de Vilabertran, fue su primer rector.</p>
<p>La capilla no estuvo terminada hasta 1581. La estatua de san Lucas que presidía en lugar preferente desapareció durante la invasión napoleónica. Sobre la puerta principal del Estudi</p>
<p>General, un escudo que desde hace un par de decenios luce cabe el paraninfo de la Universitat de Barcelona.</p>
<p>La decadencia que pesó sobre esta institución favorecerá la proyección ciudadana que, en lo que a enseñanza laica se refiere, emanó al amparo de los jesuitas en el colegio de Betlem y de Cordelles, nombre del patrocinador.</p>
<p>Todo acabó cuando en 1714 la ciudad fue castigada por Felipe V también con el traslado a Cervera del Estudi General. Ya en 1718 aquel caserón recibió el dudoso honor de ser transformado en cuartel de artillería. Su derribo acaeció en 1843, cuando se consideró necesario abrir allí el Portal de Isabel II. A nadie le dolió la acción de la piqueta, entre otras cosas porque se vivía con pasión todo lo que creara un clima favorable al derribo de unas murallas que asfixiaban a los barceloneses.</p>

<p>Tret de La Vanguardia Estudios y cuartel en la Rambla LLUÍS PERMANYER &#8211; 11/03/2006 Por la cabecera de la Rambla fluía desde la noche de los tiempos la riera D&#8217;en Malla, pero, cuando en 1360 se comenzó a tender la segunda muralla gótica, aquel espacio quedó cerrado. El lugar estaba destinado a recibir el Estudi [&hellip;]</p>
