{"id":2,"date":"2015-09-28T19:19:48","date_gmt":"2015-09-28T19:19:48","guid":{"rendered":"http:\/\/www.cdlpv.org\/fitxes\/?page_id=2"},"modified":"2023-11-16T15:38:28","modified_gmt":"2023-11-16T13:38:28","slug":"credits","status":"publish","type":"page","link":"https:\/\/www.cdlpv.org\/fitxes\/credits\/","title":{"rendered":"Cr\u00e8dits"},"content":{"rendered":"<h1 class=\"entrada\">Dades de les fitxes de la CDLPV<\/h1>\n<ul>\n<li><strong>Autor i compilador<\/strong>: Miquel Boronat Cogollos (soci de la\u00a0<span class=\"versaleta\">cdlpv<\/span> des de l&#8217;any 1998), llicenciat en filologia catalana (1989).<\/li>\n<li><strong>Data i lloc d&#8217;inici<\/strong>: 1994 &#8211; <em>Diari Oficial de la Generalitat Valenciana<\/em>.<\/li>\n<li><strong>Dates i llocs d&#8217;evoluci\u00f3<\/strong>:<br \/>\n<blockquote>\n<ul>\n<li>1998 &#8211; Treball aut\u00f2nom<\/li>\n<li>1999 &#8211; Institut Miseric\u00f2rdia de Val\u00e8ncia<\/li>\n<li>1999 &#8211; Conselleria de Medi Ambient &#8211; Generalitat Valenciana (t\u00e8cnic mitj\u00e0 de promoci\u00f3 ling\u00fc\u00edstica \/ assessor ling\u00fc\u00edstic)<\/li>\n<li>2000 en avant &#8211; Corts Valencianes (transcriptor corrector \/ assessor ling\u00fc\u00edstic)<\/li>\n<\/ul>\n<\/blockquote>\n<\/li>\n<li><strong>Estructura de les fitxes<\/strong>: lema \/ contingut.<br \/>\nEls lemes marcats amb asterisc s\u00f3n termes no suficientment avalats per les obres normatives de refer\u00e8ncia. Els lemes en valenci\u00e0-catal\u00e0 van en redona; posem en cursiva les paraules d&#8217;altres lleng\u00fces. Tamb\u00e9 van en cursiva els termes gramaticals que apareixen acompanyant un lema en el t\u00edtol de l&#8217;apunt. El contingut pot incloure tant dades ling\u00fc\u00edstiques com enciclop\u00e8diques referides al lema. L&#8217;\u00fas de <a href=\"http:\/\/www.grec.net\/cgibin\/lexicx.pgm?GECART=hipertext\">l&#8217;hipertext<\/a> permet associar termes a altres fitxes o a altres p\u00e0gines d&#8217;internet.<\/li>\n<li><strong>Dades t\u00e8cniques<\/strong>: la compilaci\u00f3 va comen\u00e7ar inconscientment en una carmanyola de pl\u00e0stic transl\u00facid amb fitxes de paper en 1993 en el <em>Diari oficial de la Generalitat Valenciana<\/em>; al cap d&#8217;un any, quan la carmanyola ja estava plena i calia comprar-ne una altra, mos vam informatitzar i ho vam traslladar tot a un \u00fanic document (en Word) amb un format de taula (dos columnes: <em>lema<\/em> i <em>contingut<\/em>). Quan la grand\u00e0ria del document el va fer poc manejable, amb el mateix programa (Word) vam passar tota la informaci\u00f3 al format HTML (any 2000) i ho vam penjar en internet. M\u00e9s avant vam descobrir les possibilitats de l&#8217;HTML i dels <a href=\"https:\/\/ca.wikipedia.org\/wiki\/Cascading_Style_Sheets\" target=\"_blank\" rel=\"noopener noreferrer\">fulls d&#8217;estil en cascada<\/a> (CSS: <em>cascading style sheets<\/em>) i fins\u00a0ara hem anat actualitzant i afegint fitxes mantenint eixe format. A partir de l&#8217;estiu del 2015 vam provar a continuar utilitzant el format de bloc oferit per WordPress.<br \/>\n\u2013 Adreces dels servidors que hem anat ocupant del 1998 fins ara:<\/p>\n<blockquote>\n<ul>\n<li>http:\/\/idd01yq8.eresmas.net\/Fitxes\/Entorn.htm<\/li>\n<li>http:\/\/www.geocities.com\/golls.geo\/Fitxes\/Entorn.htm<\/li>\n<li><a href=\"http:\/\/www.cdlpv.org\/fitxes\" target=\"_blank\" rel=\"noopener noreferrer\">https:\/\/www.cdlpv.org\/fitxes<\/a><\/li>\n<\/ul>\n<\/blockquote>\n<\/li>\n<li><strong>Actualitzacions<\/strong>: les aportacions de dades s\u00f3n di\u00e0ries. <a title=\"L'envi\u00e0vem cada divendres; a partir del 26.08.2006 l'enviem els caps de setmana; Des del 2011 t\u00e9 una periodicitat quasi mensual.\">Enviem un missatge\u00a0mensual per correu electr\u00f2nic<\/a> que informa sobre les novetats (revisions, addicions i informacions relacionades amb el <em>web <a href=\"http:\/\/www.einesdellengua.com\/\" target=\"_blank\" rel=\"noopener noreferrer\">Eines de Llengua<\/a><\/em>). A m\u00e9s, l&#8217;extensi\u00f3 Email Subscribers per a WordPress (disponible en la columna dreta) permet subscriure&#8217;s per a rebre informaci\u00f3 sobre les novetats de les fitxes en el correu electr\u00f2nic.<\/li>\n<li><strong>Agra\u00efments<\/strong>: en general, moltes gr\u00e0cies a totes les persones que fan \u00fas del valenci\u00e0-catal\u00e0. En concret, moltes gr\u00e0cies per les aportacions individuals, que es troben consignades en les fitxes corresponents. En particular, a la <a title=\"Coordinadora de Dinamitzaci\u00f3 Ling\u00fc\u00edstica del Pa\u00eds Valenci\u00e0\" href=\"http:\/\/www.einesdellengua.com\/Fitxes\/Textos\/C\/cdlpv.htm\" target=\"_blank\" rel=\"noopener noreferrer\">CDLPV<\/a>, des de la qual este treball pret\u00e9n arribar principalment a tots els ling\u00fcistes de l&#8217;administraci\u00f3 p\u00fablica valenciana (catalana, balear, algueresa, etc.); a m\u00e9s, espera que siga \u00fatil a totes les persones que utilitzen qualsevol modalitat de valenci\u00e0-catal\u00e0 arreu del m\u00f3n.<\/li>\n<\/ul>\n","protected":false},"excerpt":{"rendered":"<p>Dades de les fitxes de la CDLPV Autor i compilador: Miquel Boronat Cogollos (soci de la\u00a0cdlpv des de l&#8217;any 1998), llicenciat en filologia catalana (1989). Data i lloc d&#8217;inici: 1994 &#8211; Diari Oficial de la Generalitat Valenciana. Dates i llocs d&#8217;evoluci\u00f3: 1998 &#8211; Treball aut\u00f2nom 1999 &#8211; Institut Miseric\u00f2rdia de Val\u00e8ncia 1999 &#8211; Conselleria de [&hellip;]<\/p>\n","protected":false},"author":1,"featured_media":0,"parent":0,"menu_order":27,"comment_status":"open","ping_status":"open","template":"","meta":{"footnotes":""},"class_list":["post-2","page","type-page","status-publish","hentry"],"post_mailing_queue_ids":[],"_links":{"self":[{"href":"https:\/\/www.cdlpv.org\/fitxes\/wp-json\/wp\/v2\/pages\/2","targetHints":{"allow":["GET"]}}],"collection":[{"href":"https:\/\/www.cdlpv.org\/fitxes\/wp-json\/wp\/v2\/pages"}],"about":[{"href":"https:\/\/www.cdlpv.org\/fitxes\/wp-json\/wp\/v2\/types\/page"}],"author":[{"embeddable":true,"href":"https:\/\/www.cdlpv.org\/fitxes\/wp-json\/wp\/v2\/users\/1"}],"replies":[{"embeddable":true,"href":"https:\/\/www.cdlpv.org\/fitxes\/wp-json\/wp\/v2\/comments?post=2"}],"version-history":[{"count":21,"href":"https:\/\/www.cdlpv.org\/fitxes\/wp-json\/wp\/v2\/pages\/2\/revisions"}],"predecessor-version":[{"id":6345,"href":"https:\/\/www.cdlpv.org\/fitxes\/wp-json\/wp\/v2\/pages\/2\/revisions\/6345"}],"wp:attachment":[{"href":"https:\/\/www.cdlpv.org\/fitxes\/wp-json\/wp\/v2\/media?parent=2"}],"curies":[{"name":"wp","href":"https:\/\/api.w.org\/{rel}","templated":true}]}}

Crèdits

<h1 class="entrada">Dades de les fitxes de la CDLPV</h1>
<ul>
<li><strong>Autor i compilador</strong>: Miquel Boronat Cogollos (soci de la <span class="versaleta">cdlpv</span> des de l&#8217;any 1998), llicenciat en filologia catalana (1989).</li>
<li><strong>Data i lloc d&#8217;inici</strong>: 1994 &#8211; <em>Diari Oficial de la Generalitat Valenciana</em>.</li>
<li><strong>Dates i llocs d&#8217;evolució</strong>:<br />
<blockquote>
<ul>
<li>1998 &#8211; Treball autònom</li>
<li>1999 &#8211; Institut Misericòrdia de València</li>
<li>1999 &#8211; Conselleria de Medi Ambient &#8211; Generalitat Valenciana (tècnic mitjà de promoció lingüística / assessor lingüístic)</li>
<li>2000 en avant &#8211; Corts Valencianes (transcriptor corrector / assessor lingüístic)</li>
</ul>
</blockquote>
</li>
<li><strong>Estructura de les fitxes</strong>: lema / contingut.<br />
Els lemes marcats amb asterisc són termes no suficientment avalats per les obres normatives de referència. Els lemes en valencià-català van en redona; posem en cursiva les paraules d&#8217;altres llengües. També van en cursiva els termes gramaticals que apareixen acompanyant un lema en el títol de l&#8217;apunt. El contingut pot incloure tant dades lingüístiques com enciclopèdiques referides al lema. L&#8217;ús de <a href="http://www.grec.net/cgibin/lexicx.pgm?GECART=hipertext">l&#8217;hipertext</a> permet associar termes a altres fitxes o a altres pàgines d&#8217;internet.</li>
<li><strong>Dades tècniques</strong>: la compilació va començar inconscientment en una carmanyola de plàstic translúcid amb fitxes de paper en 1993 en el <em>Diari oficial de la Generalitat Valenciana</em>; al cap d&#8217;un any, quan la carmanyola ja estava plena i calia comprar-ne una altra, mos vam informatitzar i ho vam traslladar tot a un únic document (en Word) amb un format de taula (dos columnes: <em>lema</em> i <em>contingut</em>). Quan la grandària del document el va fer poc manejable, amb el mateix programa (Word) vam passar tota la informació al format HTML (any 2000) i ho vam penjar en internet. Més avant vam descobrir les possibilitats de l&#8217;HTML i dels <a href="https://ca.wikipedia.org/wiki/Cascading_Style_Sheets" target="_blank" rel="noopener noreferrer">fulls d&#8217;estil en cascada</a> (CSS: <em>cascading style sheets</em>) i fins ara hem anat actualitzant i afegint fitxes mantenint eixe format. A partir de l&#8217;estiu del 2015 vam provar a continuar utilitzant el format de bloc oferit per WordPress.<br />
– Adreces dels servidors que hem anat ocupant del 1998 fins ara:</p>
<blockquote>
<ul>
<li>http://idd01yq8.eresmas.net/Fitxes/Entorn.htm</li>
<li>http://www.geocities.com/golls.geo/Fitxes/Entorn.htm</li>
<li><a href="http://www.cdlpv.org/fitxes" target="_blank" rel="noopener noreferrer">https://www.cdlpv.org/fitxes</a></li>
</ul>
</blockquote>
</li>
<li><strong>Actualitzacions</strong>: les aportacions de dades són diàries. <a title="L'enviàvem cada divendres; a partir del 26.08.2006 l'enviem els caps de setmana; Des del 2011 té una periodicitat quasi mensual.">Enviem un missatge mensual per correu electrònic</a> que informa sobre les novetats (revisions, addicions i informacions relacionades amb el <em>web <a href="http://www.einesdellengua.com/" target="_blank" rel="noopener noreferrer">Eines de Llengua</a></em>). A més, l&#8217;extensió Email Subscribers per a WordPress (disponible en la columna dreta) permet subscriure&#8217;s per a rebre informació sobre les novetats de les fitxes en el correu electrònic.</li>
<li><strong>Agraïments</strong>: en general, moltes gràcies a totes les persones que fan ús del valencià-català. En concret, moltes gràcies per les aportacions individuals, que es troben consignades en les fitxes corresponents. En particular, a la <a title="Coordinadora de Dinamització Lingüística del País Valencià" href="http://www.einesdellengua.com/Fitxes/Textos/C/cdlpv.htm" target="_blank" rel="noopener noreferrer">CDLPV</a>, des de la qual este treball pretén arribar principalment a tots els lingüistes de l&#8217;administració pública valenciana (catalana, balear, algueresa, etc.); a més, espera que siga útil a totes les persones que utilitzen qualsevol modalitat de valencià-català arreu del món.</li>
</ul>

<p>Dades de les fitxes de la CDLPV Autor i compilador: Miquel Boronat Cogollos (soci de la cdlpv des de l&#8217;any 1998), llicenciat en filologia catalana (1989). Data i lloc d&#8217;inici: 1994 &#8211; Diari Oficial de la Generalitat Valenciana. Dates i llocs d&#8217;evolució: 1998 &#8211; Treball autònom 1999 &#8211; Institut Misericòrdia de València 1999 &#8211; Conselleria de [&hellip;]</p>
