{"id":3556,"date":"2019-08-14T12:22:39","date_gmt":"2019-08-14T11:22:39","guid":{"rendered":"http:\/\/www.cdlpv.org\/dtl\/?page_id=3556"},"modified":"2019-08-14T12:39:50","modified_gmt":"2019-08-14T11:39:50","slug":"legis-jurisp","status":"publish","type":"page","link":"https:\/\/www.cdlpv.org\/dtl\/legislacio-linguistica\/legis-jurisp\/","title":{"rendered":"Legislaci\u00f3 ling\u00fc\u00edstica (PV): jurisprud\u00e8ncia"},"content":{"rendered":"<h2 class=\"inicial\">Recull de jurisprud\u00e8ncia ling\u00fc\u00edstica<\/h2>\n<p>Vos oferim un recull de jurisprud\u00e8ncia ling\u00fc\u00edstica a partir de dades extretes principalment de <i>Recopilaci\u00f3n de jurisprudencia en materia ling\u00fc\u00edstica<\/i> (1992) de Rafael Manzano Laguarda, llibre editat per la Generalitat Valenciana, de la <i>Revista de Llengua i Dret<\/i>, editada per la Generalitat de Catalunya, i d&#8217;altres fonts.<\/p>\n<p>Esperem que les dades vos siguen \u00fatils. Si considereu que cal esmenar o ampliar alguna dada, indiqueu-nos-ho amb un missatge a l&#8217;adre\u00e7a de la <a href=\"mailto:golls@geocities.com\"><span class=\"versaleta\">cdlpv<\/span><\/a>.<\/p>\n<h3>Abreviatures:<\/h3>\n<ul>\n<li>DGRN: Direcci\u00f3 General de Registres i del Notariat<\/li>\n<li>TC: Tribunal Constitucional<\/li>\n<li>TS: Tribunal Suprem<\/li>\n<li>TSJCV: Tribunal Superior de Just\u00edcia de la Comunitat Valenciana<\/li>\n<\/ul>\n<h3>Polseu sobre els botons per a accedir a les dades:<\/h3>\n<p style=\"text-align: center;\"><a href=\"http:\/\/www.einesdellengua.com\/Legis\/Arxius\/jurisp\/tc.htm\" class=\"su-button su-button-style-default\" style=\"color:#FFFFFF;background-color:#2D89EF;border-color:#246ec0;border-radius:5px\" target=\"__blank\"><span style=\"color:#FFFFFF;padding:0px 16px;font-size:13px;line-height:26px;border-color:#6cadf4;border-radius:5px;text-shadow:none\"> TC<\/span><\/a>\n<a href=\"http:\/\/www.einesdellengua.com\/Legis\/Arxius\/jurisp\/ts.htm\" class=\"su-button su-button-style-default\" style=\"color:#FFFFFF;background-color:#2D89EF;border-color:#246ec0;border-radius:5px\" target=\"__blank\"><span style=\"color:#FFFFFF;padding:0px 16px;font-size:13px;line-height:26px;border-color:#6cadf4;border-radius:5px;text-shadow:none\"> TS<\/span><\/a>\n<a href=\"http:\/\/www.einesdellengua.com\/Legis\/Arxius\/jurisp\/tsjcv.htm\" class=\"su-button su-button-style-default\" style=\"color:#FFFFFF;background-color:#2D89EF;border-color:#246ec0;border-radius:5px\" target=\"__blank\"><span style=\"color:#FFFFFF;padding:0px 16px;font-size:13px;line-height:26px;border-color:#6cadf4;border-radius:5px;text-shadow:none\"> TSJCV<\/span><\/a>\n<a href=\"http:\/\/www.einesdellengua.com\/Legis\/Arxius\/jurisp\/dgrn.htm\" class=\"su-button su-button-style-default\" style=\"color:#FFFFFF;background-color:#2D89EF;border-color:#246ec0;border-radius:5px\" target=\"__blank\"><span style=\"color:#FFFFFF;padding:0px 16px;font-size:13px;line-height:26px;border-color:#6cadf4;border-radius:5px;text-shadow:none\"> DGRN<\/span><\/a>\n","protected":false},"excerpt":{"rendered":"<p>Recull de jurisprud\u00e8ncia ling\u00fc\u00edstica Vos oferim un recull de jurisprud\u00e8ncia ling\u00fc\u00edstica a partir de dades extretes principalment de Recopilaci\u00f3n de jurisprudencia en materia ling\u00fc\u00edstica (1992) de Rafael Manzano Laguarda, llibre editat per la Generalitat Valenciana, de la Revista de Llengua i Dret, editada per la Generalitat de Catalunya, i d&#8217;altres fonts. Esperem que les dades [&hellip;]<\/p>\n","protected":false},"author":56,"featured_media":0,"parent":3097,"menu_order":11,"comment_status":"closed","ping_status":"closed","template":"","meta":{"footnotes":""},"class_list":["post-3556","page","type-page","status-publish","hentry"],"_links":{"self":[{"href":"https:\/\/www.cdlpv.org\/dtl\/wp-json\/wp\/v2\/pages\/3556","targetHints":{"allow":["GET"]}}],"collection":[{"href":"https:\/\/www.cdlpv.org\/dtl\/wp-json\/wp\/v2\/pages"}],"about":[{"href":"https:\/\/www.cdlpv.org\/dtl\/wp-json\/wp\/v2\/types\/page"}],"author":[{"embeddable":true,"href":"https:\/\/www.cdlpv.org\/dtl\/wp-json\/wp\/v2\/users\/56"}],"replies":[{"embeddable":true,"href":"https:\/\/www.cdlpv.org\/dtl\/wp-json\/wp\/v2\/comments?post=3556"}],"version-history":[{"count":8,"href":"https:\/\/www.cdlpv.org\/dtl\/wp-json\/wp\/v2\/pages\/3556\/revisions"}],"predecessor-version":[{"id":3564,"href":"https:\/\/www.cdlpv.org\/dtl\/wp-json\/wp\/v2\/pages\/3556\/revisions\/3564"}],"up":[{"embeddable":true,"href":"https:\/\/www.cdlpv.org\/dtl\/wp-json\/wp\/v2\/pages\/3097"}],"wp:attachment":[{"href":"https:\/\/www.cdlpv.org\/dtl\/wp-json\/wp\/v2\/media?parent=3556"}],"curies":[{"name":"wp","href":"https:\/\/api.w.org\/{rel}","templated":true}]}}

Legislació lingüística (PV): jurisprudència

<h2 class="inicial">Recull de jurisprudència lingüística</h2>
<p>Vos oferim un recull de jurisprudència lingüística a partir de dades extretes principalment de <i>Recopilación de jurisprudencia en materia lingüística</i> (1992) de Rafael Manzano Laguarda, llibre editat per la Generalitat Valenciana, de la <i>Revista de Llengua i Dret</i>, editada per la Generalitat de Catalunya, i d&#8217;altres fonts.</p>
<p>Esperem que les dades vos siguen útils. Si considereu que cal esmenar o ampliar alguna dada, indiqueu-nos-ho amb un missatge a l&#8217;adreça de la <a href="mailto:golls@geocities.com"><span class="versaleta">cdlpv</span></a>.</p>
<h3>Abreviatures:</h3>
<ul>
<li>DGRN: Direcció General de Registres i del Notariat</li>
<li>TC: Tribunal Constitucional</li>
<li>TS: Tribunal Suprem</li>
<li>TSJCV: Tribunal Superior de Justícia de la Comunitat Valenciana</li>
</ul>
<h3>Polseu sobre els botons per a accedir a les dades:</h3>
<p style="text-align: center;"><a href="http://www.einesdellengua.com/Legis/Arxius/jurisp/tc.htm" class="su-button su-button-style-default" style="color:#FFFFFF;background-color:#2D89EF;border-color:#246ec0;border-radius:5px" target="__blank"><span style="color:#FFFFFF;padding:0px 16px;font-size:13px;line-height:26px;border-color:#6cadf4;border-radius:5px;text-shadow:none"> TC</span></a>
<a href="http://www.einesdellengua.com/Legis/Arxius/jurisp/ts.htm" class="su-button su-button-style-default" style="color:#FFFFFF;background-color:#2D89EF;border-color:#246ec0;border-radius:5px" target="__blank"><span style="color:#FFFFFF;padding:0px 16px;font-size:13px;line-height:26px;border-color:#6cadf4;border-radius:5px;text-shadow:none"> TS</span></a>
<a href="http://www.einesdellengua.com/Legis/Arxius/jurisp/tsjcv.htm" class="su-button su-button-style-default" style="color:#FFFFFF;background-color:#2D89EF;border-color:#246ec0;border-radius:5px" target="__blank"><span style="color:#FFFFFF;padding:0px 16px;font-size:13px;line-height:26px;border-color:#6cadf4;border-radius:5px;text-shadow:none"> TSJCV</span></a>
<a href="http://www.einesdellengua.com/Legis/Arxius/jurisp/dgrn.htm" class="su-button su-button-style-default" style="color:#FFFFFF;background-color:#2D89EF;border-color:#246ec0;border-radius:5px" target="__blank"><span style="color:#FFFFFF;padding:0px 16px;font-size:13px;line-height:26px;border-color:#6cadf4;border-radius:5px;text-shadow:none"> DGRN</span></a>

<p>Recull de jurisprudència lingüística Vos oferim un recull de jurisprudència lingüística a partir de dades extretes principalment de Recopilación de jurisprudencia en materia lingüística (1992) de Rafael Manzano Laguarda, llibre editat per la Generalitat Valenciana, de la Revista de Llengua i Dret, editada per la Generalitat de Catalunya, i d&#8217;altres fonts. Esperem que les dades [&hellip;]</p>
