{"id":3542,"date":"2019-08-13T11:16:03","date_gmt":"2019-08-13T10:16:03","guid":{"rendered":"http:\/\/www.cdlpv.org\/dtl\/?page_id=3542"},"modified":"2019-08-13T11:17:56","modified_gmt":"2019-08-13T10:17:56","slug":"legis-anuncis","status":"publish","type":"page","link":"https:\/\/www.cdlpv.org\/dtl\/legislacio-linguistica\/legis-anuncis\/","title":{"rendered":"Legislaci\u00f3 ling\u00fc\u00edstica (PV): anuncis"},"content":{"rendered":"<p><b>1. <\/b><b>Campanyes de la Conselleria de Cultura<\/b><\/p>\n<table border=\"0\" width=\"400\" cellspacing=\"0\" cellpadding=\"5\">\n<tbody>\n<tr>\n<td valign=\"top\" width=\"79%\">Conselleria de Cultura i Educaci\u00f3. Concurs n\u00famero PL04\/2001. Difusi\u00f3 de la campanya, a trav\u00e9s de mitjans de comunicaci\u00f3, de promoci\u00f3 de l&#8217;\u00fas i de l&#8217;ensenyament del valenci\u00e0, &#8220;Valenci\u00e0, clar que s\u00ed!&#8221;. [2001\/F2334] <i>(DOGV n\u00famero 3969, de data 29.03.2001)<\/i><\/td>\n<td valign=\"top\" width=\"21%\">2001.03.29<\/td>\n<\/tr>\n<tr>\n<td valign=\"top\" width=\"79%\">Conselleria de Cultura, Educaci\u00f3 i Ci\u00e8ncia. Expedient n\u00famero PL01\/2000. Adjudicaci\u00f3 de la mecanitzaci\u00f3, informatitzaci\u00f3 i digitalitzaci\u00f3 de les dades de les proves de la Junta Qualificadora de Coneixements de Valenci\u00e0 dels dos per\u00edodes de la convocat\u00f2ria de l&#8217;any 2000. [2000\/3691] <i>(DOGV n\u00famero 3753, de data 19.05.2000)<\/i><\/td>\n<td valign=\"top\" width=\"21%\">2000.05.19<\/td>\n<\/tr>\n<tr>\n<td valign=\"top\" width=\"79%\">Conselleria de Cultura, Educaci\u00f3 i Ci\u00e8ncia. Expedient n\u00famero PL03\/2000. Adjudicaci\u00f3 de la publicitat de les proves de la Junta Qualificadora de Coneixements de Valenci\u00e0. Convocat\u00f2ria de l&#8217;any 2000. [2000\/X3152] <i>(DOGV n\u00famero 3741, de data 03.05.2000)<\/i><\/td>\n<td valign=\"top\" width=\"21%\">2000.05.03<\/td>\n<\/tr>\n<tr>\n<td valign=\"top\" width=\"79%\">Conselleria de Cultura, Educaci\u00f3 i Ci\u00e8ncia. Concurs n\u00famero PL02\/2000. Impressi\u00f3 i distribuci\u00f3 dels protocols d&#8217;ex\u00e0mens de les proves de la Junta Qualificadora. Convocat\u00f2ria de l&#8217;any 2000. [2000\/Q1902] <i>(DOGV n\u00famero 3713, de data 21.03.2000)<\/i><\/td>\n<td valign=\"top\" width=\"21%\">2000.03.21<\/td>\n<\/tr>\n<tr>\n<td valign=\"top\" width=\"79%\">Conselleria de Cultura, Educaci\u00f3 i Ci\u00e8ncia. Concurs n\u00famero PL01\/2000. Mecanitzaci\u00f3, informatitzaci\u00f3 i digitalitzaci\u00f3 de les dades de les proves de la Junta Qualificadora de Coneixements de Valenci\u00e0. Convocat\u00f2ria de l&#8217;any 2000. [2000\/X1901] <i>(DOGV n\u00famero 3713, de data 21.03.2000)<\/i><\/td>\n<td valign=\"top\" width=\"21%\">2000.03.21<\/td>\n<\/tr>\n<tr>\n<td valign=\"top\" width=\"79%\">Conselleria de Cultura, Educaci\u00f3 i Ci\u00e8ncia. Concurs n\u00famero PL03\/2000. Publicitat de les proves de la Junta Qualificadora de Coneixements de Val\u00e8ncia. Convocat\u00f2ria de l&#8217;any 2000. [2000\/M1866] <i>(DOGV n\u00famero 3706, de data 10.03.2000)<\/i><\/td>\n<td valign=\"top\" width=\"21%\">2000.03.10<\/td>\n<\/tr>\n<tr>\n<td valign=\"top\" width=\"79%\">Conselleria de Cultura, Educaci\u00f3 i Ci\u00e8ncia. Concurs n\u00famero PL05\/2000. Difusi\u00f3 de la campanya, a trav\u00e9s de mitjans de comunicaci\u00f3, de promoci\u00f3 de l&#8217;\u00fas i de l&#8217;ensenyament del valenci\u00e0, &#8220;Valenci\u00e0, clar que s\u00ed!&#8221;. [2000\/F1441] <i>(DOGV n\u00famero 3696, de data 25.02.2000)<\/i><\/td>\n<td valign=\"top\" width=\"21%\">2000.02.25<\/td>\n<\/tr>\n<tr>\n<td valign=\"top\" width=\"79%\">Conselleria de Cultura, Educaci\u00f3 i Ci\u00e8ncia. Concurs n\u00famero PL04\/2000. Elaboraci\u00f3 d&#8217;un espot de 30 segons de duraci\u00f3 per a una campanya institucional de promoci\u00f3 de l&#8217;\u00fas i ensenyament del valenci\u00e0 en televisi\u00f3. [2000\/S1440] <i>(DOGV n\u00famero 3696, de data 25.02.2000)<\/i><\/td>\n<td valign=\"top\" width=\"21%\">2000.02.25<\/td>\n<\/tr>\n<tr>\n<td valign=\"top\" width=\"79%\">Conselleria de Cultura, Educaci\u00f3 i Ci\u00e8ncia.-Concurs n\u00famero 40PL03\/99. Difusi\u00f3 de la campanya, a trav\u00e9s de mitjans de comunicaci\u00f3, de promoci\u00f3 de l&#8217;\u00fas i de l&#8217;ensenyament del valenci\u00e0, &#8220;Valenci\u00e0, clar que s\u00ed!&#8221;. [1999\/1520] <i>(DOGV n\u00famero 3442, de data 25.02.1999)<\/i><\/td>\n<td valign=\"top\" width=\"21%\">1999.02.25<\/td>\n<\/tr>\n<\/tbody>\n<\/table>\n<p><b>2. <\/b><b>Diputacions<\/b><\/p>\n<table border=\"0\" width=\"400\" cellspacing=\"0\" cellpadding=\"5\">\n<tbody>\n<tr>\n<td valign=\"top\" width=\"79%\">Diputaci\u00f3 Provincial d&#8217;Alacant. Convocat\u00f2ria del Premi Enric Valor de Novel\u00b7la en Valenci\u00e0 1999. [1999\/F6969] <i>(DOGV n\u00famero 3552, de data 03.08.1999)<\/i><\/td>\n<td valign=\"top\" width=\"21%\">1999.08.03<\/td>\n<\/tr>\n<tr>\n<td valign=\"top\" width=\"79%\">Diputaci\u00f3 Provincial d&#8217;Alacant.-Informaci\u00f3 p\u00fablica de la convocat\u00f2ria del Premi Enric Valor, de novel\u00b7la en valenci\u00e0 1998. [1998\/M7471] <i>(DOGV n\u00famero 3343, de data 02.10.1998)<\/i><\/td>\n<td valign=\"top\" width=\"21%\">1998.10.02<\/td>\n<\/tr>\n<\/tbody>\n<\/table>\n<p><b>3. <\/b><b>Federaci\u00f3 Valenciana de Municipis i Prov\u00edncies<\/b><\/p>\n<table border=\"0\" width=\"400\" cellspacing=\"0\" cellpadding=\"5\">\n<tbody>\n<tr>\n<td valign=\"top\" width=\"79%\"><a href=\"http:\/\/www.dogv.gva.es\/datos\/1999\/07\/08\/pdf\/1999_6286.pdf\" target=\"_blank\" rel=\"noopener noreferrer\">Federaci\u00f3 Valenciana de Municipis i Prov\u00edncies<\/a>. Bases per les quals es convoquen ajudes econ\u00f2miques per als ajuntaments i mancomunitats de municipis, per a la realitzaci\u00f3 d&#8217;activitats de promoci\u00f3 de l&#8217;\u00fas del valenci\u00e0. [1999\/X6286] <i>(DOGV n\u00famero 3534, de data 08.07.1999)<\/i><\/td>\n<\/tr>\n<\/tbody>\n<\/table>\n","protected":false},"excerpt":{"rendered":"<p>1. Campanyes de la Conselleria de Cultura Conselleria de Cultura i Educaci\u00f3. Concurs n\u00famero PL04\/2001. Difusi\u00f3 de la campanya, a trav\u00e9s de mitjans de comunicaci\u00f3, de promoci\u00f3 de l&#8217;\u00fas i de l&#8217;ensenyament del valenci\u00e0, &#8220;Valenci\u00e0, clar que s\u00ed!&#8221;. [2001\/F2334] (DOGV n\u00famero 3969, de data 29.03.2001) 2001.03.29 Conselleria de Cultura, Educaci\u00f3 i Ci\u00e8ncia. Expedient n\u00famero PL01\/2000. [&hellip;]<\/p>\n","protected":false},"author":56,"featured_media":0,"parent":3097,"menu_order":7,"comment_status":"closed","ping_status":"closed","template":"","meta":{"footnotes":""},"class_list":["post-3542","page","type-page","status-publish","hentry"],"_links":{"self":[{"href":"https:\/\/www.cdlpv.org\/dtl\/wp-json\/wp\/v2\/pages\/3542","targetHints":{"allow":["GET"]}}],"collection":[{"href":"https:\/\/www.cdlpv.org\/dtl\/wp-json\/wp\/v2\/pages"}],"about":[{"href":"https:\/\/www.cdlpv.org\/dtl\/wp-json\/wp\/v2\/types\/page"}],"author":[{"embeddable":true,"href":"https:\/\/www.cdlpv.org\/dtl\/wp-json\/wp\/v2\/users\/56"}],"replies":[{"embeddable":true,"href":"https:\/\/www.cdlpv.org\/dtl\/wp-json\/wp\/v2\/comments?post=3542"}],"version-history":[{"count":1,"href":"https:\/\/www.cdlpv.org\/dtl\/wp-json\/wp\/v2\/pages\/3542\/revisions"}],"predecessor-version":[{"id":3543,"href":"https:\/\/www.cdlpv.org\/dtl\/wp-json\/wp\/v2\/pages\/3542\/revisions\/3543"}],"up":[{"embeddable":true,"href":"https:\/\/www.cdlpv.org\/dtl\/wp-json\/wp\/v2\/pages\/3097"}],"wp:attachment":[{"href":"https:\/\/www.cdlpv.org\/dtl\/wp-json\/wp\/v2\/media?parent=3542"}],"curies":[{"name":"wp","href":"https:\/\/api.w.org\/{rel}","templated":true}]}}