{"id":3265,"date":"2018-04-02T19:27:31","date_gmt":"2018-04-02T18:27:31","guid":{"rendered":"http:\/\/www.cdlpv.org\/dtl\/?page_id=3265"},"modified":"2021-08-12T09:08:00","modified_gmt":"2021-08-12T08:08:00","slug":"legis-rd","status":"publish","type":"page","link":"https:\/\/www.cdlpv.org\/dtl\/legislacio-linguistica\/legis-rd\/","title":{"rendered":"Legislaci\u00f3 ling\u00fc\u00edstica (PV): reials decrets"},"content":{"rendered":"<table border=\"0\" width=\"100%\" cellspacing=\"0\" cellpadding=\"5\">\n<tbody>\n<tr>\n<td valign=\"top\" width=\"79%\">&#8226; <a href=\"https:\/\/www.boe.es\/buscar\/act.php?id=BOE-A-2015-11722#a56\">Reial decret legislatiu 6\/2015<\/a>, de 30 d&#8217;octubre, pel qual s&#8217;aprova el text ref\u00f3s de la Llei sobre tr\u00e0nsit, circulaci\u00f3 de vehicles de motor i seguretat vi\u00e0ria<\/td>\n<td valign=\"top\" width=\"21%\">2015.10.30<\/td>\n<\/tr>\n<tr>\n<td valign=\"top\" width=\"79%\">&#8226; <a href=\"http:\/\/www.einesdellengua.com\/Legis\/Arxius\/estatal\/rd2062-2008.htm\" target=\"_blank\" rel=\"noopener\">Reial decret 2.062\/2008<\/a> [estatal], de 12 de desembre, pel qual es desplega la Llei 55\/2007, de 28 de desembre, del cinema. <em>(BOE n\u00famero 25, de data 29.01.2007)<\/em><\/td>\n<td valign=\"top\" width=\"21%\">2009.01.12<\/td>\n<\/tr>\n<tr>\n<td valign=\"top\" width=\"79%\">&#8226; <a name=\"conductors\"><\/a> <u><a title=\"feu-hi clic\">Reial decret 45\/2007<\/a><\/u>, de 19 de gener, pel qual es modifica el Reglament de l&#8217;organitzaci\u00f3 i r\u00e8gim del notariat, aprovat per un decret de 2 de juny de 1944. <em>(BOE n\u00famero 25, de data 29.01.2007)<\/em><\/td>\n<td valign=\"top\" width=\"21%\">2007.01.29<\/td>\n<\/tr>\n<tr>\n<td valign=\"top\" width=\"79%\">&#8226; <a name=\"conductors\"><\/a> <u><a title=\"feu-hi clic\">Reial decret 1.598\/2004<\/a><\/u>, de 2 de juliol, pel qual es modifica el Reglament general de conductors, aprovat pel Reial decret 772\/1997, de 30 de maig. <em>(BOE n\u00famero 173, de data 19.07.2004)<\/em><\/td>\n<td valign=\"top\" width=\"21%\">2004.07.19<\/td>\n<\/tr>\n<tr>\n<td valign=\"top\" width=\"79%\">&#8226; <a name=\"nom3\"><\/a><a href=\"http:\/\/www.einesdellengua.com\/Legis\/Arxius\/estatal\/rd1428-2003.htm\" target=\"_blank\" rel=\"noopener\">Reial decret 1.428\/2003<\/a>, de 21 de novembre (BOE 306, de 23 de desembre), pel qual s&#8217;aprova el Reglament general de circulaci\u00f3 per a l&#8217;aplicaci\u00f3 i el desplegament del text articulat de la Llei sobre tr\u00e0nsit, circulaci\u00f3 de vehicles de motor i seguretat vi\u00e0ria, aprovat pel Reial decret legislatiu 339\/1990, de 2 de mar\u00e7<\/td>\n<td valign=\"top\" width=\"21%\">2003.11.21<\/td>\n<\/tr>\n<tr>\n<td valign=\"top\" width=\"79%\">&#8226; <a name=\"nom3\"><\/a><a href=\"http:\/\/www.noticias.juridicas.com\/base_datos\/Privado\/rd193-2000.html\" target=\"_blank\" rel=\"noopener\">Reial Decret 193\/2000<\/a>, d&#8217;11 de febrer, de modificaci\u00f3 de determinats articles del reglament del registre civil en mat\u00e8ria relativa al nom i cognoms i ordre d&#8217;aquests. <em>(DOGV n\u00famero 49, de data 26.02.2000)<\/em><\/td>\n<td valign=\"top\" width=\"21%\">2000.02.26<\/td>\n<\/tr>\n<tr>\n<td valign=\"top\" width=\"79%\">&#8226; <strong>Reial decret 489\/1997,<\/strong> de 14 d&#8217;abril, sobre publicaci\u00f3 de les lleis en les lleng\u00fces cooficials de les comunitats aut\u00f2nomes. <em>(BOE n\u00famero 92, de data 17.04.1997)<\/em> [<a href=\"http:\/\/constitucion.rediris.es\/codigo\/simbolos\/rd489-1997.html\">En castell\u00e0 ac\u00ed<\/a> \/ <a href=\"http:\/\/www.einesdellengua.com\/Legis\/Arxius\/RD489-1997.htm\" target=\"_blank\" rel=\"noopener\">Arxiu<\/a>] \/ <a href=\"http:\/\/www6.gencat.net\/llengcat\/legis\/docs\/ae_rd489_97.pdf\" target=\"_blank\" rel=\"noopener\">[PDF catal\u00e0]<\/a><\/td>\n<td valign=\"top\" width=\"21%\">1997.04.17<\/td>\n<\/tr>\n<tr>\n<td valign=\"top\" width=\"79%\">&#8226; <a name=\"nom3\"><\/a><a href=\"http:\/\/www.einesdellengua.com\/Legis\/Arxius\/estatal\/rdl339-1990.htm\" target=\"_blank\" rel=\"noopener\">Reial decret legislatiu 339\/1990<\/a>, de 2 de mar\u00e7 (BOE 63, de 14 de mar\u00e7). Text articulat de la Llei sobre tr\u00e0nsit, circulaci\u00f3 de<br \/>\nvehicles de motor i seguretat vi\u00e0ria (veg. <a href=\"https:\/\/www.boe.es\/buscar\/act.php?id=BOE-A-1990-6396#a56\" target=\"_blank\" rel=\"noopener\">l&#8217;article 56<\/a>)<\/td>\n<td valign=\"top\" width=\"21%\">1990.03.02<\/td>\n<\/tr>\n<tr>\n<td valign=\"top\" width=\"79%\">&#8226; <a name=\"rd2568\"><\/a><a href=\"http:\/\/www.einesdellengua.com\/Legis\/Arxius\/admlocal\/rd2568-1986.htm\" target=\"_blank\" rel=\"noopener\">Reial decret 2.568\/1986<\/a>, de 28 de novembre, pel qual s&#8217;aprova el reglament d&#8217;organitzaci\u00f3, funcionament i r\u00e8gim jur\u00eddic de les entitats locals. <em>(BOE 305, de 22 de desembre i correcci\u00f3 d&#8217;errades, BOE 12, de 14 de gener de 1987)<\/em>.<\/td>\n<td valign=\"top\" width=\"21%\">1986.12.22<\/td>\n<\/tr>\n<tr>\n<td valign=\"top\" width=\"79%\">&#8226; <a name=\"ReialD\"><\/a><a href=\"http:\/\/www.pre.gva.es\/L\/BASIS\/V\/DDW?W=D=%270216\/1981%27\" target=\"_blank\" rel=\"noopener\">Reial decret 2.296\/1981<\/a>, de 3 d&#8217;agost, sobre senyalitzaci\u00f3 de carreteres, aeroports, estacions ferrovi\u00e0ries, d&#8217;autobusos i mar\u00edtimes i serveis p\u00fablics d&#8217;inter\u00e9s general en l&#8217;\u00e0mbit de les comunitats aut\u00f2nomes. <em>(DOGV n\u00famero 57, de data 02.11.1981)<\/em><\/td>\n<td valign=\"top\" width=\"21%\">1981.11.02<\/td>\n<\/tr>\n<\/tbody>\n<\/table>\n<p>&nbsp;<\/p>\n","protected":false},"excerpt":{"rendered":"<p>&#8226; Reial decret legislatiu 6\/2015, de 30 d&#8217;octubre, pel qual s&#8217;aprova el text ref\u00f3s de la Llei sobre tr\u00e0nsit, circulaci\u00f3 de vehicles de motor i seguretat vi\u00e0ria 2015.10.30 &#8226; Reial decret 2.062\/2008 [estatal], de 12 de desembre, pel qual es desplega la Llei 55\/2007, de 28 de desembre, del cinema. (BOE n\u00famero 25, de data [&hellip;]<\/p>\n","protected":false},"author":56,"featured_media":0,"parent":3097,"menu_order":3,"comment_status":"closed","ping_status":"closed","template":"","meta":{"footnotes":""},"class_list":["post-3265","page","type-page","status-publish","hentry"],"_links":{"self":[{"href":"https:\/\/www.cdlpv.org\/dtl\/wp-json\/wp\/v2\/pages\/3265","targetHints":{"allow":["GET"]}}],"collection":[{"href":"https:\/\/www.cdlpv.org\/dtl\/wp-json\/wp\/v2\/pages"}],"about":[{"href":"https:\/\/www.cdlpv.org\/dtl\/wp-json\/wp\/v2\/types\/page"}],"author":[{"embeddable":true,"href":"https:\/\/www.cdlpv.org\/dtl\/wp-json\/wp\/v2\/users\/56"}],"replies":[{"embeddable":true,"href":"https:\/\/www.cdlpv.org\/dtl\/wp-json\/wp\/v2\/comments?post=3265"}],"version-history":[{"count":10,"href":"https:\/\/www.cdlpv.org\/dtl\/wp-json\/wp\/v2\/pages\/3265\/revisions"}],"predecessor-version":[{"id":4178,"href":"https:\/\/www.cdlpv.org\/dtl\/wp-json\/wp\/v2\/pages\/3265\/revisions\/4178"}],"up":[{"embeddable":true,"href":"https:\/\/www.cdlpv.org\/dtl\/wp-json\/wp\/v2\/pages\/3097"}],"wp:attachment":[{"href":"https:\/\/www.cdlpv.org\/dtl\/wp-json\/wp\/v2\/media?parent=3265"}],"curies":[{"name":"wp","href":"https:\/\/api.w.org\/{rel}","templated":true}]}}