{"id":3097,"date":"2021-05-06T20:30:27","date_gmt":"2021-05-06T19:30:27","guid":{"rendered":"http:\/\/www.cdlpv.org\/dtl\/?page_id=3097"},"modified":"2021-05-06T13:27:55","modified_gmt":"2021-05-06T12:27:55","slug":"legislacio-linguistica","status":"publish","type":"page","link":"https:\/\/www.cdlpv.org\/dtl\/legislacio-linguistica\/","title":{"rendered":"Legislaci\u00f3 ling\u00fc\u00edstica"},"content":{"rendered":"<h3 class=\"inicial\"><div class=\"su-note\"  style=\"border-color:#e5e54c;border-radius:3px;-moz-border-radius:3px;-webkit-border-radius:3px;\"><div class=\"su-note-inner su-u-clearfix su-u-trim\" style=\"background-color:#FFFF66;border-color:#ffffff;color:#333333;border-radius:3px;-moz-border-radius:3px;-webkit-border-radius:3px;\">Per disposicions<\/div><\/div><\/h3>\n<ol>\n<li><a href=\"http:\/\/www.cdlpv.org\/dtl\/legislacio-linguistica\/legis-normes\/\" target=\"_blank\" rel=\"noopener noreferrer\">Normes pr\u00e8vies<\/a><\/li>\n<li><a href=\"http:\/\/www.cdlpv.org\/dtl\/legislacio-linguistica\/lleis\/\" target=\"_blank\" rel=\"noopener noreferrer\">Lleis<\/a>\n<ul>\n<li><a href=\"http:\/\/www.einesdellengua.com\/Legis\/Arxius\/estatal\/constespanyola.htm\" target=\"_blank\" rel=\"noopener noreferrer\">Constituci\u00f3<\/a> espanyola<\/li>\n<li><a href=\"http:\/\/www.einesdellengua.com\/Legis\/Arxius\/estatal\/constfrancesa.htm\" target=\"_blank\" rel=\"noopener noreferrer\">Constituci\u00f3<\/a> francesa<\/li>\n<\/ul>\n<p>\u2192 <a title=\"Llei de pol\u00edtica ling\u00fc\u00edstica andorrana\" href=\"http:\/\/www.einesdellengua.com\/Legis\/Arxius\/lplandorra.htm\" target=\"_blank\" rel=\"noopener noreferrer\">LPL Andorra<\/a><\/p>\n<p>\u2192 <a title=\"Llei de pol\u00edtica ling\u00fc\u00edstica catalana\" href=\"http:\/\/www20.gencat.cat\/portal\/site\/Llengcat\/menuitem.1ab5a94fef60a1e7a129d410b0c0e1a0\/?vgnextoid=cc57f9465ff61110VgnVCM1000000b0c1e0aRCRD&amp;vgnextchannel=cc57f9465ff61110VgnVCM1000000b0c1e0aRCRD\" target=\"_blank\" rel=\"noopener noreferrer\">LPL Catalunya<\/a>: \u00b7 <a title=\"El balan\u00e7 dels cinc anys de la LPL catalana\" href=\"http:\/\/www.einesdellengua.com\/Legis\/Arxius\/av030205.htm\" target=\"_blank\" rel=\"noopener noreferrer\">balan\u00e7<\/a><\/li>\n<li><a title=\"Reglaments municipals de gesti\u00f3 ling\u00fc\u00edstica\" href=\"http:\/\/www.cdlpv.org\/dtl\/legis-reglaments\/\" target=\"_blank\" rel=\"noopener noreferrer\">Reglaments municipals<\/a><\/li>\n<li><a href=\"http:\/\/www.cdlpv.org\/dtl\/legislacio-linguistica\/legis-rd\/\" target=\"_blank\" rel=\"noopener noreferrer\">Reials decrets<\/a><\/li>\n<li><a href=\"http:\/\/www.cdlpv.org\/dtl\/legis-decrets\/\" target=\"_blank\" rel=\"nofollow noopener\">Decrets<\/a><\/li>\n<li><a href=\"http:\/\/www.cdlpv.org\/dtl\/legislacio-linguistica\/legis-ordres\/\" target=\"_blank\" rel=\"nofollow noopener\">Ordres<\/a><\/li>\n<li><a href=\"http:\/\/www.cdlpv.org\/dtl\/legislacio-linguistica\/legis-anuncis\/\" target=\"_blank\" rel=\"nofollow noopener\">Acords<\/a><\/li>\n<li><a href=\"http:\/\/www.cdlpv.org\/dtl\/legislacio-linguistica\/legis-resolucions\/\" target=\"_blank\" rel=\"nofollow noopener\">Resolucions<\/a><\/li>\n<li><a href=\"http:\/\/www.cdlpv.org\/dtl\/legislacio-linguistica\/legis-anuncis\/\" target=\"_blank\" rel=\"noopener noreferrer\">Anuncis<\/a><\/li>\n<\/ol>\n<h3 class=\"inicial\"><div class=\"su-note\"  style=\"border-color:#e5e54c;border-radius:3px;-moz-border-radius:3px;-webkit-border-radius:3px;\"><div class=\"su-note-inner su-u-clearfix su-u-trim\" style=\"background-color:#FFFF66;border-color:#ffffff;color:#333333;border-radius:3px;-moz-border-radius:3px;-webkit-border-radius:3px;\">Per temes<\/div><\/div><\/h3>\n<ol>\n<li style=\"list-style-type: none;\">\n<ol>\n<li><a href=\"https:\/\/www.cdlpv.org\/dtl\/legislacio-linguistica\/legis-adm-local\/\" target=\"_blank\" rel=\"nofollow noopener\">Administraci\u00f3 local<\/a><\/li>\n<li><a title=\"Acad\u00e8mia Valenciana de la Llengua\" href=\"http:\/\/www.cdlpv.org\/dtl\/legis-avl\/\" target=\"_blank\" rel=\"noopener noreferrer\">Acad\u00e8mia Valenciana de la Llengua (AVL)<\/a><\/li>\n<li><a href=\"http:\/\/www.cdlpv.org\/dtl\/legis-jurisp\/\" target=\"_blank\" rel=\"noopener noreferrer\">Jurisprud\u00e8ncia<\/a><\/li>\n<li><a href=\"http:\/\/www.einesdellengua.com\/Legis\/Arxius\/Dretling.htm\" target=\"_blank\" rel=\"nofollow noopener\">Miscel\u00b7l\u00e0nia:<\/a>\n<ol>\n<li>Llengua oficial i pr\u00f2pia<\/li>\n<li>Topon\u00edmia i senyalitzaci\u00f3<\/li>\n<li>\u00das del valenci\u00e0 en les relacions dels ciutadans amb l&#8217;administraci\u00f3<\/li>\n<li>El requisit ling\u00fc\u00edstic en l&#8217;acc\u00e9s a la funci\u00f3 p\u00fablica i la perfilaci\u00f3 dels llocs de treball<\/li>\n<li>Normalitzaci\u00f3 de noms i cognoms<\/li>\n<\/ol>\n<\/li>\n<li>Documentaci\u00f3:<br \/>\n\u2023 <a href=\"http:\/\/www.einesdellengua.com\/Legis\/Arxius\/DNIval.htm\" target=\"_blank\" rel=\"noopener noreferrer\">DNI<\/a> (2001)<br \/>\n\u2023 Perm\u00eds de conducci\u00f3 (<a href=\"https:\/\/boe.gob.es\/boe_catalan\/dias\/2004\/08\/02\/pdfs\/A02517-02538.pdf\" target=\"_blank\" rel=\"nofollow noopener\">RD 1.598, art. 32<\/a>)<br \/>\n\u2023 <a href=\"http:\/\/www.cdlpv.org\/dtl\/legislacio-linguistica\/legis-registre-civil\/\" target=\"_blank\" rel=\"noopener noreferrer\">Registre civil<\/a><\/li>\n<li>Requisit ling\u00fc\u00edstic:<br \/>\n\u2023 <a href=\"http:\/\/www.einesdellengua.com\/Legis\/Requisit.htm\" target=\"_blank\" rel=\"noopener noreferrer\">not\u00edcies i dades<\/a><br \/>\n\u2023 <a href=\"http:\/\/www.einesdellengua.com\/Legis\/Arxius\/admlocal\/admlocal.htm\" target=\"_blank\" rel=\"noopener noreferrer\">Informe<\/a>s: <a href=\"https:\/\/www.einesdellengua.com\/Legis\/Arxius\/admlocal\/infcarcaixent.htm\" target=\"_blank\" rel=\"nofollow noopener\">Carcaixent<\/a>; Silla<br \/>\n\u2023 El requisit del <a href=\"http:\/\/www.einesdellengua.com\/Fitxes\/Textos\/C\/castella.htm\" target=\"_blank\" rel=\"nofollow noopener\">castell\u00e0-espanyol<\/a><br \/>\n\u2023 STS 22.01.1991: <a href=\"https:\/\/www.einesdellengua.com\/Legis\/Arxius\/admlocal\/rlid17.htm\" target=\"_blank\" rel=\"nofollow noopener\">comentari<\/a> de Luis Antonio Bur\u00f3n Barba<\/li>\n<li>Topon\u00edmia:<br \/>\n\u2023 Generalitat valenciana:<br \/>\n\u2023\u2023\u2023 <a href=\"http:\/\/dogv.gva.es\/portal\/ficha_disposicion_pc.jsp?sig=004395\/2017\" target=\"_blank\" rel=\"nofollow noopener\">Decret 61\/2017<\/a><br \/>\n\u2023\u2023\u2023 <a href=\"http:\/\/dogv.gva.es\/portal\/ficha_disposicion_pc.jsp?sig=0070\/1987\" target=\"_blank\" rel=\"nofollow noopener\">Decret 145\/1986<\/a><br \/>\n\u2023\u2023\u2023 <a href=\"http:\/\/dogv.gva.es\/datos\/1983\/12\/01\/pdf\/1983_802514.pdf\" target=\"_blank\" rel=\"nofollow noopener\">Llei 4\/1983<\/a> (art. 15)<br \/>\n\u2023 <a title=\"Llista de noms oficials\" href=\"http:\/\/www.cdlpv.org\/fitxes\/municipis-i-comarques-del-pais-valencia\/\" target=\"_blank\" rel=\"noopener noreferrer\">Municipis<\/a>: <a title=\"Els decrets\" href=\"http:\/\/www.einesdellengua.com\/Legis\/Pobles.htm\" target=\"_blank\" rel=\"noopener noreferrer\">decrets<\/a><br \/>\n\u2023\u2023\u2023 Municipis: <a href=\"http:\/\/www.cdlpv.org\/dtl\/legis-reglaments\/\" target=\"_blank\" rel=\"noopener noreferrer\">reglaments<\/a><br \/>\n\u2023 Prov\u00edncies: <a href=\"https:\/\/www.einesdellengua.com\/Legis\/Nomsprov.htm\" target=\"_blank\" rel=\"noopener noreferrer\">Llei 25\/1999<\/a><br \/>\n\u2023 Retolaci\u00f3: <a title=\"lleis\" href=\"https:\/\/www.cdlpv.org\/dtl\/legislacio-linguistica\/legis-lleis\/\" target=\"_blank\" rel=\"nofollow noopener\">lleis<\/a> (<a href=\"https:\/\/www.einesdellengua.com\/Legis\/Arxius\/L6-1991.htm\" target=\"_blank\" rel=\"nofollow noopener\">Llei 6\/1991<\/a>), <a title=\"Reials decrets\" href=\"https:\/\/www.cdlpv.org\/dtl\/legislacio-linguistica\/legis-rd\/\" target=\"_blank\" rel=\"nofollow noopener\">reials decrets<\/a>, <a href=\"https:\/\/www.cdlpv.org\/dtl\/legis-decrets\/\" target=\"_blank\" rel=\"nofollow noopener\">decrets<\/a> i <a href=\"https:\/\/www.cdlpv.org\/dtl\/legislacio-linguistica\/legis-ordres\/\" target=\"_blank\" rel=\"nofollow noopener\">ordres<\/a> (<a href=\"http:\/\/dogv.gva.es\/portal\/ficha_disposicion_pc.jsp?sig=0594\/1994\" target=\"_blank\" rel=\"nofollow noopener\">Ordre 01.12.1993<\/a>)<br \/>\n\u2023 <a href=\"https:\/\/www.cdlpv.org\/dtl\/legislacio-linguistica\/legis-camins-ramaders\/\" target=\"_blank\" rel=\"nofollow noopener\">Vies pecu\u00e0ries<\/a><\/li>\n<\/ol>\n<\/li>\n<\/ol>\n<h3 class=\"inicial\"><div class=\"su-note\"  style=\"border-color:#e5e54c;border-radius:3px;-moz-border-radius:3px;-webkit-border-radius:3px;\"><div class=\"su-note-inner su-u-clearfix su-u-trim\" style=\"background-color:#FFFF66;border-color:#ffffff;color:#333333;border-radius:3px;-moz-border-radius:3px;-webkit-border-radius:3px;\">Altres \u00e0mbits<\/div><\/div><\/h3>\n<ol>\n<li>Senat espanyol:<br \/>\n\u2023 <a href=\"https:\/\/www.cdlpv.org\/dtl\/legislacio-linguistica\/legis-pactes\/\" target=\"_blank\" rel=\"nofollow noopener\">Reglament<\/a><\/li>\n<li><a href=\"https:\/\/www.cdlpv.org\/dtl\/legislacio-linguistica\/legis-pactes\/\" target=\"_blank\" rel=\"noopener noreferrer\">Uni\u00f3 Europea<\/a><\/li>\n<li><a href=\"https:\/\/www.cdlpv.org\/dtl\/legislacio-linguistica\/legis-pactes\/\" target=\"_blank\" rel=\"noopener noreferrer\">Nacions Unides (ONU)<\/a><\/li>\n<li>Revista de Llengua i Dret: <a href=\"http:\/\/www.rld.cat\/\"><i class=\"fas fa-external-link-alt\"><\/i><\/a><br \/>\n\u2023 <a href=\"http:\/\/www.einesdellengua.com\/RLD\/entorn.htm\" target=\"_blank\" rel=\"noopener noreferrer\">\u00cdndex<\/a> dels n\u00fameros 1-53<\/li>\n<li>Recull sobre legislaci\u00f3 de Gabriel Bibiloni <a href=\"https:\/\/www.bibiloni.cat\/legislacio\/\" target=\"_blank\" rel=\"nofollow noopener\"><i class=\"fas fa-external-link-alt\"><\/i><\/a><\/li>\n<\/ol>\n","protected":false},"excerpt":{"rendered":"<p>Normes pr\u00e8vies Lleis Constituci\u00f3 espanyola Constituci\u00f3 francesa \u2192 LPL Andorra \u2192 LPL Catalunya: \u00b7 balan\u00e7 Reglaments municipals Reials decrets Decrets Ordres Acords Resolucions Anuncis Administraci\u00f3 local Acad\u00e8mia Valenciana de la Llengua (AVL) Jurisprud\u00e8ncia Miscel\u00b7l\u00e0nia: Llengua oficial i pr\u00f2pia Topon\u00edmia i senyalitzaci\u00f3 \u00das del valenci\u00e0 en les relacions dels ciutadans amb l&#8217;administraci\u00f3 El requisit ling\u00fc\u00edstic en [&hellip;]<\/p>\n","protected":false},"author":56,"featured_media":0,"parent":0,"menu_order":0,"comment_status":"closed","ping_status":"closed","template":"","meta":{"footnotes":""},"class_list":["post-3097","page","type-page","status-publish","hentry"],"_links":{"self":[{"href":"https:\/\/www.cdlpv.org\/dtl\/wp-json\/wp\/v2\/pages\/3097","targetHints":{"allow":["GET"]}}],"collection":[{"href":"https:\/\/www.cdlpv.org\/dtl\/wp-json\/wp\/v2\/pages"}],"about":[{"href":"https:\/\/www.cdlpv.org\/dtl\/wp-json\/wp\/v2\/types\/page"}],"author":[{"embeddable":true,"href":"https:\/\/www.cdlpv.org\/dtl\/wp-json\/wp\/v2\/users\/56"}],"replies":[{"embeddable":true,"href":"https:\/\/www.cdlpv.org\/dtl\/wp-json\/wp\/v2\/comments?post=3097"}],"version-history":[{"count":20,"href":"https:\/\/www.cdlpv.org\/dtl\/wp-json\/wp\/v2\/pages\/3097\/revisions"}],"predecessor-version":[{"id":4107,"href":"https:\/\/www.cdlpv.org\/dtl\/wp-json\/wp\/v2\/pages\/3097\/revisions\/4107"}],"wp:attachment":[{"href":"https:\/\/www.cdlpv.org\/dtl\/wp-json\/wp\/v2\/media?parent=3097"}],"curies":[{"name":"wp","href":"https:\/\/api.w.org\/{rel}","templated":true}]}}